{"id":5522,"date":"2021-01-17T23:44:30","date_gmt":"2021-01-22T10:36:36","guid":{"rendered":"https:\/\/shopcanarias.es\/index.php\/producto\/pulseira-macrame-shopcanarias-es-com-concha-e-cores-da-bandeira-canaria\/"},"modified":"2021-01-26T00:13:28","modified_gmt":"2021-01-25T23:13:28","slug":"pulseira-macrame-com-concha-e-cores-das-bandeira-canariana","status":"publish","type":"product","link":"https:\/\/shopcanarias.es\/index.php\/pt-pt\/producto\/pulseira-macrame-com-concha-e-cores-das-bandeira-canariana\/","title":{"rendered":"Pulseira macram\u00e9 Shopcanarias.es com concha e cores da bandeira can\u00e1ria"},"content":{"rendered":"<div class=\"gsp_post_data\" \r\n\t            data-post_type=\"product\" \r\n\t            data-cat=\"\" \r\n\t            data-modified=\"120\"\r\n\t            data-created=\"1610927070\"\r\n\t            data-title=\"Pulseira macram\u00e9 Shopcanarias.es com concha e cores da bandeira can\u00e1ria\" \r\n\t            data-home=\"https:\/\/shopcanarias.es\"><\/div>","protected":false},"excerpt":{"rendered":"<p>Pulseira artesanal de Macram\u00e9 da marca Shopcanarias.es com concha, e com contas das cores da bandeira can\u00e1ria, ou branco e azul<\/p>\n","protected":false},"featured_media":5454,"comment_status":"open","ping_status":"closed","template":"","meta":[],"product_brand":[],"product_cat":[816,817],"product_tag":[818,819,820,821,822,823],"class_list":{"0":"post-5522","1":"product","2":"type-product","3":"status-publish","4":"has-post-thumbnail","6":"product_cat-macrame-pt-pt","7":"product_cat-pulseiras","8":"product_tag-amarelo","9":"product_tag-azul-pt-pt","10":"product_tag-bandeira-canariana","11":"product_tag-branco","12":"product_tag-macrame-pt-pt","13":"product_tag-pulseira","15":"first","16":"instock","17":"sold-individually","18":"taxable","19":"shipping-taxable","20":"purchasable","21":"product-type-variable"},"yoast_head":"<!-- This site is optimized with the Yoast SEO plugin v27.4 - https:\/\/yoast.com\/product\/yoast-seo-wordpress\/ -->\n<title>Pulseira macram\u00e9 Shopcanarias.es com concha e cores da bandeira can\u00e1ria - ShopCanarias.es<\/title>\n<meta name=\"description\" content=\"Pulseira macram\u00e9 artesanal com fios castanhos e contas de concha e cores da bandeira das Ilhas Can\u00e1rias. Pode personaliz\u00e1-lo\" \/>\n<meta name=\"robots\" content=\"index, follow, max-snippet:-1, max-image-preview:large, max-video-preview:-1\" \/>\n<link rel=\"canonical\" href=\"https:\/\/shopcanarias.es\/index.php\/pt-pt\/producto\/pulseira-macrame-com-concha-e-cores-das-bandeira-canariana\/\" \/>\n<meta property=\"og:locale\" content=\"es_ES\" \/>\n<meta property=\"og:type\" content=\"article\" \/>\n<meta property=\"og:title\" content=\"Pulseira macram\u00e9 Shopcanarias.es com concha e cores da bandeira can\u00e1ria - ShopCanarias.es\" \/>\n<meta property=\"og:description\" content=\"Pulseira macram\u00e9 artesanal com fios castanhos e contas de concha e cores da bandeira das Ilhas Can\u00e1rias. Pode personaliz\u00e1-lo\" \/>\n<meta property=\"og:url\" content=\"https:\/\/shopcanarias.es\/index.php\/pt-pt\/producto\/pulseira-macrame-com-concha-e-cores-das-bandeira-canariana\/\" \/>\n<meta property=\"og:site_name\" content=\"ShopCanarias.es\" \/>\n<meta property=\"article:publisher\" content=\"https:\/\/www.facebook.com\/ShopCanariases-105415177519237\/?modal=admin_todo_tour\" \/>\n<meta property=\"article:modified_time\" content=\"2021-01-25T23:13:28+00:00\" \/>\n<meta property=\"og:image\" content=\"https:\/\/i1.wp.com\/shopcanarias.es\/wp-content\/uploads\/2021\/01\/IMG-20210120-WA0003.jpg?fit=1024%2C576&ssl=1\" \/>\n\t<meta property=\"og:image:width\" content=\"1024\" \/>\n\t<meta property=\"og:image:height\" content=\"576\" \/>\n\t<meta property=\"og:image:type\" content=\"image\/jpeg\" \/>\n<meta name=\"twitter:card\" content=\"summary_large_image\" \/>\n<meta name=\"twitter:site\" content=\"@shopcanarias\" \/>\n<script type=\"application\/ld+json\" class=\"yoast-schema-graph\">{\"@context\":\"https:\\\/\\\/schema.org\",\"@graph\":[{\"@type\":\"WebPage\",\"@id\":\"https:\\\/\\\/shopcanarias.es\\\/index.php\\\/pt-pt\\\/producto\\\/pulseira-macrame-com-concha-e-cores-das-bandeira-canariana\\\/\",\"url\":\"https:\\\/\\\/shopcanarias.es\\\/index.php\\\/pt-pt\\\/producto\\\/pulseira-macrame-com-concha-e-cores-das-bandeira-canariana\\\/\",\"name\":\"Pulseira macram\u00e9 Shopcanarias.es com concha e cores da bandeira can\u00e1ria - ShopCanarias.es\",\"isPartOf\":{\"@id\":\"https:\\\/\\\/shopcanarias.es\\\/#website\"},\"primaryImageOfPage\":{\"@id\":\"https:\\\/\\\/shopcanarias.es\\\/index.php\\\/pt-pt\\\/producto\\\/pulseira-macrame-com-concha-e-cores-das-bandeira-canariana\\\/#primaryimage\"},\"image\":{\"@id\":\"https:\\\/\\\/shopcanarias.es\\\/index.php\\\/pt-pt\\\/producto\\\/pulseira-macrame-com-concha-e-cores-das-bandeira-canariana\\\/#primaryimage\"},\"thumbnailUrl\":\"https:\\\/\\\/i0.wp.com\\\/shopcanarias.es\\\/wp-content\\\/uploads\\\/2021\\\/01\\\/IMG-20210120-WA0003.jpg?fit=1024%2C576&ssl=1\",\"datePublished\":\"2021-01-22T10:36:36+00:00\",\"dateModified\":\"2021-01-25T23:13:28+00:00\",\"description\":\"Pulseira macram\u00e9 artesanal com fios castanhos e contas de concha e cores da bandeira das Ilhas Can\u00e1rias. Pode personaliz\u00e1-lo\",\"breadcrumb\":{\"@id\":\"https:\\\/\\\/shopcanarias.es\\\/index.php\\\/pt-pt\\\/producto\\\/pulseira-macrame-com-concha-e-cores-das-bandeira-canariana\\\/#breadcrumb\"},\"inLanguage\":\"es\",\"potentialAction\":[{\"@type\":\"ReadAction\",\"target\":[\"https:\\\/\\\/shopcanarias.es\\\/index.php\\\/pt-pt\\\/producto\\\/pulseira-macrame-com-concha-e-cores-das-bandeira-canariana\\\/\"]}]},{\"@type\":\"ImageObject\",\"inLanguage\":\"es\",\"@id\":\"https:\\\/\\\/shopcanarias.es\\\/index.php\\\/pt-pt\\\/producto\\\/pulseira-macrame-com-concha-e-cores-das-bandeira-canariana\\\/#primaryimage\",\"url\":\"https:\\\/\\\/i0.wp.com\\\/shopcanarias.es\\\/wp-content\\\/uploads\\\/2021\\\/01\\\/IMG-20210120-WA0003.jpg?fit=1024%2C576&ssl=1\",\"contentUrl\":\"https:\\\/\\\/i0.wp.com\\\/shopcanarias.es\\\/wp-content\\\/uploads\\\/2021\\\/01\\\/IMG-20210120-WA0003.jpg?fit=1024%2C576&ssl=1\",\"width\":1024,\"height\":576,\"caption\":\"Pulseira macram\u00e9 Shopcanarias.es com concha e cores da bandeira can\u00e1ria\"},{\"@type\":\"BreadcrumbList\",\"@id\":\"https:\\\/\\\/shopcanarias.es\\\/index.php\\\/pt-pt\\\/producto\\\/pulseira-macrame-com-concha-e-cores-das-bandeira-canariana\\\/#breadcrumb\",\"itemListElement\":[{\"@type\":\"ListItem\",\"position\":1,\"name\":\"Home\",\"item\":\"https:\\\/\\\/shopcanarias.es\\\/\"},{\"@type\":\"ListItem\",\"position\":2,\"name\":\"Tienda\",\"item\":\"https:\\\/\\\/shopcanarias.es\\\/index.php\\\/loja\\\/?lang=pt-pt\"},{\"@type\":\"ListItem\",\"position\":3,\"name\":\"Pulseira macram\u00e9 Shopcanarias.es com concha e cores da bandeira can\u00e1ria\"}]},{\"@type\":\"WebSite\",\"@id\":\"https:\\\/\\\/shopcanarias.es\\\/#website\",\"url\":\"https:\\\/\\\/shopcanarias.es\\\/\",\"name\":\"ShopCanarias.es\",\"description\":\"Tienda online de productos y servicios de las Islas Canarias\",\"publisher\":{\"@id\":\"https:\\\/\\\/shopcanarias.es\\\/#organization\"},\"potentialAction\":[{\"@type\":\"SearchAction\",\"target\":{\"@type\":\"EntryPoint\",\"urlTemplate\":\"https:\\\/\\\/shopcanarias.es\\\/?s={search_term_string}\"},\"query-input\":{\"@type\":\"PropertyValueSpecification\",\"valueRequired\":true,\"valueName\":\"search_term_string\"}}],\"inLanguage\":\"es\"},{\"@type\":\"Organization\",\"@id\":\"https:\\\/\\\/shopcanarias.es\\\/#organization\",\"name\":\"Marketplace Canarias SL\",\"url\":\"https:\\\/\\\/shopcanarias.es\\\/\",\"logo\":{\"@type\":\"ImageObject\",\"inLanguage\":\"es\",\"@id\":\"https:\\\/\\\/shopcanarias.es\\\/#\\\/schema\\\/logo\\\/image\\\/\",\"url\":\"https:\\\/\\\/i0.wp.com\\\/shopcanarias.es\\\/wp-content\\\/uploads\\\/2020\\\/04\\\/Logotipo_Ajustado_Color_300-ppp-scaled.jpg?fit=2560%2C467&ssl=1\",\"contentUrl\":\"https:\\\/\\\/i0.wp.com\\\/shopcanarias.es\\\/wp-content\\\/uploads\\\/2020\\\/04\\\/Logotipo_Ajustado_Color_300-ppp-scaled.jpg?fit=2560%2C467&ssl=1\",\"width\":2560,\"height\":467,\"caption\":\"Marketplace Canarias SL\"},\"image\":{\"@id\":\"https:\\\/\\\/shopcanarias.es\\\/#\\\/schema\\\/logo\\\/image\\\/\"},\"sameAs\":[\"https:\\\/\\\/www.facebook.com\\\/ShopCanariases-105415177519237\\\/?modal=admin_todo_tour\",\"https:\\\/\\\/x.com\\\/shopcanarias\",\"https:\\\/\\\/www.instagram.com\\\/shopcanarias\\\/?hl=es\",\"https:\\\/\\\/www.pinterest.es\\\/pin\\\/611222980666854387\\\/\",\"https:\\\/\\\/www.youtube.com\\\/channel\\\/UCqPIEQS9SBuvJrMWJV8YxuA\"]}]}<\/script>\n<!-- \/ Yoast SEO plugin. -->","yoast_head_json":{"title":"Pulseira macram\u00e9 Shopcanarias.es com concha e cores da bandeira can\u00e1ria - ShopCanarias.es","description":"Pulseira macram\u00e9 artesanal com fios castanhos e contas de concha e cores da bandeira das Ilhas Can\u00e1rias. Pode personaliz\u00e1-lo","robots":{"index":"index","follow":"follow","max-snippet":"max-snippet:-1","max-image-preview":"max-image-preview:large","max-video-preview":"max-video-preview:-1"},"canonical":"https:\/\/shopcanarias.es\/index.php\/pt-pt\/producto\/pulseira-macrame-com-concha-e-cores-das-bandeira-canariana\/","og_locale":"es_ES","og_type":"article","og_title":"Pulseira macram\u00e9 Shopcanarias.es com concha e cores da bandeira can\u00e1ria - ShopCanarias.es","og_description":"Pulseira macram\u00e9 artesanal com fios castanhos e contas de concha e cores da bandeira das Ilhas Can\u00e1rias. Pode personaliz\u00e1-lo","og_url":"https:\/\/shopcanarias.es\/index.php\/pt-pt\/producto\/pulseira-macrame-com-concha-e-cores-das-bandeira-canariana\/","og_site_name":"ShopCanarias.es","article_publisher":"https:\/\/www.facebook.com\/ShopCanariases-105415177519237\/?modal=admin_todo_tour","article_modified_time":"2021-01-25T23:13:28+00:00","og_image":[{"width":1024,"height":576,"url":"https:\/\/i1.wp.com\/shopcanarias.es\/wp-content\/uploads\/2021\/01\/IMG-20210120-WA0003.jpg?fit=1024%2C576&ssl=1","type":"image\/jpeg"}],"twitter_card":"summary_large_image","twitter_site":"@shopcanarias","schema":{"@context":"https:\/\/schema.org","@graph":[{"@type":"WebPage","@id":"https:\/\/shopcanarias.es\/index.php\/pt-pt\/producto\/pulseira-macrame-com-concha-e-cores-das-bandeira-canariana\/","url":"https:\/\/shopcanarias.es\/index.php\/pt-pt\/producto\/pulseira-macrame-com-concha-e-cores-das-bandeira-canariana\/","name":"Pulseira macram\u00e9 Shopcanarias.es com concha e cores da bandeira can\u00e1ria - ShopCanarias.es","isPartOf":{"@id":"https:\/\/shopcanarias.es\/#website"},"primaryImageOfPage":{"@id":"https:\/\/shopcanarias.es\/index.php\/pt-pt\/producto\/pulseira-macrame-com-concha-e-cores-das-bandeira-canariana\/#primaryimage"},"image":{"@id":"https:\/\/shopcanarias.es\/index.php\/pt-pt\/producto\/pulseira-macrame-com-concha-e-cores-das-bandeira-canariana\/#primaryimage"},"thumbnailUrl":"https:\/\/i0.wp.com\/shopcanarias.es\/wp-content\/uploads\/2021\/01\/IMG-20210120-WA0003.jpg?fit=1024%2C576&ssl=1","datePublished":"2021-01-22T10:36:36+00:00","dateModified":"2021-01-25T23:13:28+00:00","description":"Pulseira macram\u00e9 artesanal com fios castanhos e contas de concha e cores da bandeira das Ilhas Can\u00e1rias. Pode personaliz\u00e1-lo","breadcrumb":{"@id":"https:\/\/shopcanarias.es\/index.php\/pt-pt\/producto\/pulseira-macrame-com-concha-e-cores-das-bandeira-canariana\/#breadcrumb"},"inLanguage":"es","potentialAction":[{"@type":"ReadAction","target":["https:\/\/shopcanarias.es\/index.php\/pt-pt\/producto\/pulseira-macrame-com-concha-e-cores-das-bandeira-canariana\/"]}]},{"@type":"ImageObject","inLanguage":"es","@id":"https:\/\/shopcanarias.es\/index.php\/pt-pt\/producto\/pulseira-macrame-com-concha-e-cores-das-bandeira-canariana\/#primaryimage","url":"https:\/\/i0.wp.com\/shopcanarias.es\/wp-content\/uploads\/2021\/01\/IMG-20210120-WA0003.jpg?fit=1024%2C576&ssl=1","contentUrl":"https:\/\/i0.wp.com\/shopcanarias.es\/wp-content\/uploads\/2021\/01\/IMG-20210120-WA0003.jpg?fit=1024%2C576&ssl=1","width":1024,"height":576,"caption":"Pulseira macram\u00e9 Shopcanarias.es com concha e cores da bandeira can\u00e1ria"},{"@type":"BreadcrumbList","@id":"https:\/\/shopcanarias.es\/index.php\/pt-pt\/producto\/pulseira-macrame-com-concha-e-cores-das-bandeira-canariana\/#breadcrumb","itemListElement":[{"@type":"ListItem","position":1,"name":"Home","item":"https:\/\/shopcanarias.es\/"},{"@type":"ListItem","position":2,"name":"Tienda","item":"https:\/\/shopcanarias.es\/index.php\/loja\/?lang=pt-pt"},{"@type":"ListItem","position":3,"name":"Pulseira macram\u00e9 Shopcanarias.es com concha e cores da bandeira can\u00e1ria"}]},{"@type":"WebSite","@id":"https:\/\/shopcanarias.es\/#website","url":"https:\/\/shopcanarias.es\/","name":"ShopCanarias.es","description":"Tienda online de productos y servicios de las Islas Canarias","publisher":{"@id":"https:\/\/shopcanarias.es\/#organization"},"potentialAction":[{"@type":"SearchAction","target":{"@type":"EntryPoint","urlTemplate":"https:\/\/shopcanarias.es\/?s={search_term_string}"},"query-input":{"@type":"PropertyValueSpecification","valueRequired":true,"valueName":"search_term_string"}}],"inLanguage":"es"},{"@type":"Organization","@id":"https:\/\/shopcanarias.es\/#organization","name":"Marketplace Canarias SL","url":"https:\/\/shopcanarias.es\/","logo":{"@type":"ImageObject","inLanguage":"es","@id":"https:\/\/shopcanarias.es\/#\/schema\/logo\/image\/","url":"https:\/\/i0.wp.com\/shopcanarias.es\/wp-content\/uploads\/2020\/04\/Logotipo_Ajustado_Color_300-ppp-scaled.jpg?fit=2560%2C467&ssl=1","contentUrl":"https:\/\/i0.wp.com\/shopcanarias.es\/wp-content\/uploads\/2020\/04\/Logotipo_Ajustado_Color_300-ppp-scaled.jpg?fit=2560%2C467&ssl=1","width":2560,"height":467,"caption":"Marketplace Canarias SL"},"image":{"@id":"https:\/\/shopcanarias.es\/#\/schema\/logo\/image\/"},"sameAs":["https:\/\/www.facebook.com\/ShopCanariases-105415177519237\/?modal=admin_todo_tour","https:\/\/x.com\/shopcanarias","https:\/\/www.instagram.com\/shopcanarias\/?hl=es","https:\/\/www.pinterest.es\/pin\/611222980666854387\/","https:\/\/www.youtube.com\/channel\/UCqPIEQS9SBuvJrMWJV8YxuA"]}]}},"df_price":8,"df_sale_price":"","df_regular_price":8,"df_image_link":"https:\/\/i0.wp.com\/shopcanarias.es\/wp-content\/uploads\/2021\/01\/IMG-20210120-WA0003.jpg?fit=300%2C169&ssl=1","jetpack_sharing_enabled":true,"_links":{"self":[{"href":"https:\/\/shopcanarias.es\/index.php\/wp-json\/wp\/v2\/product\/5522","targetHints":{"allow":["GET"]}}],"collection":[{"href":"https:\/\/shopcanarias.es\/index.php\/wp-json\/wp\/v2\/product"}],"about":[{"href":"https:\/\/shopcanarias.es\/index.php\/wp-json\/wp\/v2\/types\/product"}],"replies":[{"embeddable":true,"href":"https:\/\/shopcanarias.es\/index.php\/wp-json\/wp\/v2\/comments?post=5522"}],"wp:featuredmedia":[{"embeddable":true,"href":"https:\/\/shopcanarias.es\/index.php\/wp-json\/wp\/v2\/media\/5454"}],"wp:attachment":[{"href":"https:\/\/shopcanarias.es\/index.php\/wp-json\/wp\/v2\/media?parent=5522"}],"wp:term":[{"taxonomy":"product_brand","embeddable":true,"href":"https:\/\/shopcanarias.es\/index.php\/wp-json\/wp\/v2\/product_brand?post=5522"},{"taxonomy":"product_cat","embeddable":true,"href":"https:\/\/shopcanarias.es\/index.php\/wp-json\/wp\/v2\/product_cat?post=5522"},{"taxonomy":"product_tag","embeddable":true,"href":"https:\/\/shopcanarias.es\/index.php\/wp-json\/wp\/v2\/product_tag?post=5522"}],"curies":[{"name":"wp","href":"https:\/\/api.w.org\/{rel}","templated":true}]}}