{"id":5132,"date":"2020-12-31T14:22:13","date_gmt":"2020-12-31T13:22:13","guid":{"rendered":"https:\/\/shopcanarias.es\/index.php\/rechtlicher-hinweis\/"},"modified":"2020-12-31T14:22:15","modified_gmt":"2020-12-31T13:22:15","slug":"rechtlicher-hinweis","status":"publish","type":"page","link":"https:\/\/shopcanarias.es\/index.php\/de\/rechtlicher-hinweis\/","title":{"rendered":"RECHTLICHER HINWEIS"},"content":{"rendered":"\n<p><strong>1.- Recht auf Information<\/strong><\/p>\n\n<p>Wir informieren Sie, dass diese Website  <a href=\"https:\/\/shopcanarias.es\/?lang=de\">https:\/\/ShopCanarias.es\/<\/a> geh\u00f6rt  <strong>MARKETPLACES, S.L<\/strong>, (im Folgenden:<strong><em>\n  \n<\/em> <strong><em>\u00abShopCanarias\u00bb<\/em>\n  \n<\/strong>mit der N.I.F.-Nummer B-76819259 und Sitz in C\/ la Duraznillo 3 Ptl.1 3o C 38390, (Santa Ursula), Santa Cruz De Tenerife, eingetragen im Handelsregister<\/strong> <strong>Teneriffa <\/strong>an der Spitze  <em>3671<\/em>, folio  <em>140<\/em>, Abschnitt  <em>0<\/em>, Blatt  <em>TF-64256<\/em>, Anmeldung 1.<\/p>\n\n<p>Der Zugriff und \/ oder die Nutzung der Website schreibt den Status des Nutzers, und akzeptiert, von diesem Zugriff und \/ oder Nutzung, diese rechtliche Hinweis.<\/p>\n\n<p>Der Nutzer (nachfolgend<strong>\u00abNutzer\u00bb genannt)<\/strong>kann ShopCanarias \u00fcber die folgende E-Mail-Adresse <a href=\"mailto:info@shopcanarias.es\">kontaktieren: info@ShopCanarias.es.<\/a><\/p>\n\n<p><strong>2.- Nutzung<\/strong> <strong>der Website<\/strong><\/p>\n\n<p>Der Nutzer \u00fcbernimmt die Verantwortung f\u00fcr die Nutzung der Website. Die Website kann Zugriff auf eine Vielzahl von Texten, Grafiken, Zeichnungen, Designs, Fotografien, Multimedia-Inhalten und Informationen (im Folgenden<strong>\u00abInhalte\u00bb)<\/strong>von ShopCanarias oder Dritten, auf die der Nutzer Zugriff haben kann, bereitstellen.<\/p>\n\n<p>Der Nutzer verpflichtet sich, die \u00fcber die Website angebotenen Inhalte und Dienste angemessen zu nutzen und als Beispiel, aber nicht beschr\u00e4nkt darauf, diese nicht zu nutzen, um:<\/p>\n\n<ul class=\"wp-block-list\"><li>Sich an illegalen, illegalen oder gegen Treu und Glauben versto\u00dfenden Aktivit\u00e4ten der \u00f6ffentlichen Ordnung zu beteiligen.<\/li><\/ul>\n<ul class=\"wp-block-list\"><li>Verursachen Sie Sch\u00e4den an den physischen und logischen Systemen der ShopCanarias-Website, ihren Lieferanten oder Dritten.<\/li><\/ul>\n<ul class=\"wp-block-list\"><li>Einf\u00fchrung oder Verbreitung von Computerviren oder anderen physischen oder logischen Systemen, die den oben genannten Schaden verursachen k\u00f6nnen.<\/li><\/ul>\n<ul class=\"wp-block-list\"><li>Versuchen Sie, auf die Daten von ShopCanarias, Drittanbietern und anderen Nutzern zuzugreifen, sie zu nutzen und\/oder zu manipulieren.<\/li><\/ul>\n<ul class=\"wp-block-list\"><li>Reproduzieren oder kopieren, verteilen, \u00f6ffentlichen Zugriff durch jede Form der \u00f6ffentlichen Kommunikation erm\u00f6glichen, die Inhalte transformieren oder modifizieren, es sei denn, dies wurde von ShopCanarias genehmigt.<\/li><\/ul>\n<ul class=\"wp-block-list\"><li>Inhalte, die geistigen oder gewerblichen Schutzrechten unterliegen, und andere identifizierende Daten solcher Rechte von ShopCanarias oder Dritten, die in die Inhalte aufgenommen wurden, sowie technische Schutzvorrichtungen oder Informationsmechanismen, die in die Inhalte eingef\u00fcgt werden k\u00f6nnen, zu l\u00f6schen, zu verbergen oder zu manipulieren.<\/li><\/ul>\n<p>ShopCanarias warnt, dass die auf dieser Website enthaltenen Materialien nur zu Informationszwecken aufgenommen wurden, so dass sie nicht ausreichen, um Entscheidungen zu treffen oder Positionen in einem bestimmten Fall zu \u00fcbernehmen.<\/p>\n\n<p>Der Nutzer sollte ber\u00fccksichtigen, dass die auf dieser Website enthaltenen Materialien m\u00f6glicherweise nicht den aktuellen rechts- oder rechtsrechtlichen Status zu den diskutierten Themen widerspiegeln. Dar\u00fcber hinaus k\u00f6nnen diese Materialien ohne vorherige Ank\u00fcndigung ge\u00e4ndert, entwickelt oder aktualisiert werden.<\/p>\n\n<p>ShopCanarias hat das Recht, eines der oben genannten Verhaltensweisen gem\u00e4\u00df dem Gesetz zu untersuchen und zu melden sowie mit den Beh\u00f6rden bei der Untersuchung solcher Handlungen zusammenzuarbeiten.<\/p>\n\n<p>ShopCanarias kann den Zugang zur Website f\u00fcr Wartungs-, Reparatur-, Aktualisierungs- oder Verbesserungsvorg\u00e4nge vor\u00fcbergehend und ohne vorherige Ank\u00fcndigung aussetzen. Wenn die Umst\u00e4nde es jedoch zulassen, wird ShopCanarias den Nutzer rechtzeitig \u00fcber das voraussichtliche Datum f\u00fcr die Aussetzung der Dienste informieren. ShopCanarias ist nicht verantwortlich f\u00fcr die Nutzung der Inhalte, die von den Nutzern auf der Website enthalten sind.<\/p>\n\n<p><a><strong>3.- Geistiges und gewerbliches Eigentum<\/strong><\/a><strong><\/strong><\/p>\n\n<p>Alle geistigen Eigentumsrechte an den Inhalten der Website und deren grafischegestaltung sind ausschlie\u00dfliches Eigentum von ShopCanarias oder einem Dritten, der die Nutzung dieser Rechte genehmigt hat, so dass ShopCanarias die ausschlie\u00dfliche Aus\u00fcbung ihrer Verwertungsrechte hat. Daher gew\u00e4hrt ShopCanarias gem\u00e4\u00df den geltenden Rechtsvorschriften \u00fcber geistige und gewerbliche Eigentumsrechte keine Lizenz oder Genehmigung f\u00fcr die Nutzung jeglicher Art in Bezug auf seine geistigen und gewerblichen Eigentumsrechte oder auf andere Eigentumsrechte oder Rechte im Zusammenhang mit der Website, den Diensten oder den Inhalten darin.<\/p>\n\n<p>Die Vervielf\u00e4ltigung und vor\u00fcbergehende Speicherung der Inhalte der Website ist gestattet, sofern dies f\u00fcr die Nutzung und Anzeige der Website von einem pers\u00f6nlichen Ger\u00e4t aus unbedingt erforderlich ist.<\/p>\n\n<p>Die Legitimit\u00e4t der geistigen oder gewerblichen Eigentumsrechte, die den von den Nutzern zur Verf\u00fcgung gestellten Inhalten entsprechen, liegt in der alleinigen Verantwortung derselben, so dass der Nutzer ShopCanarias von jeglichen Anspr\u00fcchen Dritter, die sich aus der illegalen Nutzung der Inhalte auf der Website ergeben, unbeschadet l\u00e4sst.<\/p>\n\n<p><a><strong>4.- Verantwortung und Garantien<\/strong><\/a><strong><\/strong><\/p>\n\n<p>ShopCanarias erkl\u00e4rt, dass es die notwendigen Ma\u00dfnahmen ergriffen hat, die im Rahmen seiner M\u00f6glichkeiten und des Stands der Technik das ordnungsgem\u00e4\u00dfe Funktionieren seiner Website sowie das Fehlen von Viren und sch\u00e4dlichen Komponenten erm\u00f6glichen. ShopCanarias kann jedoch nicht f\u00fcr:<\/p>\n\n<ul class=\"wp-block-list\"><li>Kontinuit\u00e4t und Verf\u00fcgbarkeit von Inhalten und Diensten.<\/li><\/ul>\n<ul class=\"wp-block-list\"><li>Das Fehlen von Fehlern in solchen Inhalten oder die Korrektur eines auftretenden Mangels.<\/li><\/ul>\n<ul class=\"wp-block-list\"><li>Das Fehlen von Viren und\/oder anderen sch\u00e4dlichen Komponenten.<\/li><\/ul>\n<ul class=\"wp-block-list\"><li>Sch\u00e4den, die von Personen verursacht werden, die gegen ShopCanarias Sicherheitssysteme versto\u00dfen.<\/li><\/ul>\n<p>Die Beitr\u00e4ge, die auf diesen Seiten zu finden sind, wurden nur zu Informationszwecken gemacht. ShopCanarias \u00fcbernimmt keine Gew\u00e4hr f\u00fcr die Vollst\u00e4ndigkeit, Richtigkeit und Aktualit\u00e4t seiner Inhalte.<\/p>\n\n<p>ShopCanarias \u00fcbernimmt keine Verantwortung f\u00fcr Links zu anderen Websites, die sich auf der Website befinden, und kann den Nutzer auf andere Websites verweisen, auf die ShopCanarias keinen Einfluss hat, so dass die Aufnahme von Links zu anderen Websites nicht die Zustimmung zu seinen Inhalten durch ShopCanarias oder das Bestehen einer Art von Verbindung zwischen ShopCanarias und seinen Eigent\u00fcmern impliziert. Daher greift der Nutzer unter seiner alleinigen Verantwortung auf die Inhalte und die Nutzungsbedingungen zu, die f\u00fcr ihn gelten.<\/p>\n\n<p><strong> <a>5.- Dauer und \u00c4nderung<\/a><\/strong><\/p>\n\n<p>Dieser rechtliche Hinweis wird auf unbestimmte Zeit in Kraft sein, Shopcanarias k\u00f6nnen \u00c4nderungen an den darin angegebenen Bedingungen vornehmen und die ab dem Zeitpunkt der Ver\u00f6ffentlichung in Kraft treten.<\/p>\n\n<p>ShopCanarias kann sowohl die von ihr zur Verf\u00fcgung gestellten Inhalte als auch die von ihr angebotenen Dienste sowie die Art und Weise, in der sie sich befinden oder pr\u00e4sentiert werden, l\u00f6schen, hinzuf\u00fcgen oder \u00e4ndern. Die Bedingungen, die zum Zeitpunkt des Zugriffs des Nutzers auf die ShopCanarias-Website ver\u00f6ffentlicht werden, gelten als in Kraft.<\/p>\n\n<p>Der Zugriff auf und\/oder die Nutzung der Website ist als Annahme dieses rechtlichen Hinweises und seiner Bedingungen durch den Nutzer und gegebenenfalls als \u00c4nderungen zu begreifen.<\/p>\n<div class=\"gsp_post_data\" \r\n\t            data-post_type=\"page\" \r\n\t            data-cat=\"\" \r\n\t            data-modified=\"120\"\r\n\t            data-created=\"1609424533\"\r\n\t            data-title=\"RECHTLICHER HINWEIS\" \r\n\t            data-home=\"https:\/\/shopcanarias.es\"><\/div>","protected":false},"excerpt":{"rendered":"<p>1.- Recht auf Information Wir informieren Sie, dass diese Website https:\/\/ShopCanarias.es\/ geh\u00f6rt MARKETPLACES, S.L, (im Folgenden: \u00abShopCanarias\u00bb mit der N.I.F.-Nummer B-76819259 und Sitz in C\/ la Duraznillo 3 Ptl.1 3o C 38390, (Santa Ursula), Santa Cruz De Tenerife, eingetragen im Handelsregister Teneriffa an der Spitze 3671, folio 140, Abschnitt 0, Blatt TF-64256, Anmeldung 1. Der &hellip; <\/p>\n<p class=\"link-more\"><a href=\"https:\/\/shopcanarias.es\/index.php\/de\/rechtlicher-hinweis\/\" class=\"more-link\">Continuar leyendo<span class=\"screen-reader-text\"> \u00abRECHTLICHER HINWEIS\u00bb<\/span><\/a><\/p>\n","protected":false},"author":1,"featured_media":0,"parent":0,"menu_order":0,"comment_status":"closed","ping_status":"closed","template":"","meta":{"footnotes":""},"class_list":["post-5132","page","type-page","status-publish","hentry"],"yoast_head":"<!-- This site is optimized with the Yoast SEO plugin v27.5 - https:\/\/yoast.com\/product\/yoast-seo-wordpress\/ -->\n<title>RECHTLICHER HINWEIS - ShopCanarias.es<\/title>\n<meta name=\"description\" content=\"Identifizieren von Daten von ShopCanarias als Eigent\u00fcmer der Website, sowie Fragen im Zusammenhang mit geistigem und\/oder gewerblichem Eigentum usw.\" \/>\n<meta name=\"robots\" content=\"index, follow, max-snippet:-1, max-image-preview:large, max-video-preview:-1\" \/>\n<link rel=\"canonical\" href=\"https:\/\/shopcanarias.es\/index.php\/de\/rechtlicher-hinweis\/\" \/>\n<meta property=\"og:locale\" content=\"es_ES\" \/>\n<meta property=\"og:type\" content=\"article\" \/>\n<meta property=\"og:title\" content=\"RECHTLICHER HINWEIS - ShopCanarias.es\" \/>\n<meta property=\"og:description\" content=\"Identifizieren von Daten von ShopCanarias als Eigent\u00fcmer der Website, sowie Fragen im Zusammenhang mit geistigem und\/oder gewerblichem Eigentum usw.\" \/>\n<meta property=\"og:url\" content=\"https:\/\/shopcanarias.es\/index.php\/de\/rechtlicher-hinweis\/\" \/>\n<meta property=\"og:site_name\" content=\"ShopCanarias.es\" \/>\n<meta property=\"article:publisher\" content=\"https:\/\/www.facebook.com\/ShopCanariases-105415177519237\/?modal=admin_todo_tour\" \/>\n<meta property=\"article:modified_time\" content=\"2020-12-31T13:22:15+00:00\" \/>\n<meta name=\"twitter:card\" content=\"summary_large_image\" \/>\n<meta name=\"twitter:site\" content=\"@shopcanarias\" \/>\n<meta name=\"twitter:label1\" content=\"Tiempo de lectura\" \/>\n\t<meta name=\"twitter:data1\" content=\"5 minutos\" \/>\n<script type=\"application\/ld+json\" class=\"yoast-schema-graph\">{\"@context\":\"https:\\\/\\\/schema.org\",\"@graph\":[{\"@type\":\"WebPage\",\"@id\":\"https:\\\/\\\/shopcanarias.es\\\/index.php\\\/de\\\/rechtlicher-hinweis\\\/\",\"url\":\"https:\\\/\\\/shopcanarias.es\\\/index.php\\\/de\\\/rechtlicher-hinweis\\\/\",\"name\":\"RECHTLICHER HINWEIS - ShopCanarias.es\",\"isPartOf\":{\"@id\":\"https:\\\/\\\/shopcanarias.es\\\/#website\"},\"datePublished\":\"2020-12-31T13:22:13+00:00\",\"dateModified\":\"2020-12-31T13:22:15+00:00\",\"description\":\"Identifizieren von Daten von ShopCanarias als Eigent\u00fcmer der Website, sowie Fragen im Zusammenhang mit geistigem und\\\/oder gewerblichem Eigentum usw.\",\"breadcrumb\":{\"@id\":\"https:\\\/\\\/shopcanarias.es\\\/index.php\\\/de\\\/rechtlicher-hinweis\\\/#breadcrumb\"},\"inLanguage\":\"es\",\"potentialAction\":[{\"@type\":\"ReadAction\",\"target\":[\"https:\\\/\\\/shopcanarias.es\\\/index.php\\\/de\\\/rechtlicher-hinweis\\\/\"]}]},{\"@type\":\"BreadcrumbList\",\"@id\":\"https:\\\/\\\/shopcanarias.es\\\/index.php\\\/de\\\/rechtlicher-hinweis\\\/#breadcrumb\",\"itemListElement\":[{\"@type\":\"ListItem\",\"position\":1,\"name\":\"Home\",\"item\":\"https:\\\/\\\/shopcanarias.es\\\/\"},{\"@type\":\"ListItem\",\"position\":2,\"name\":\"RECHTLICHER HINWEIS\"}]},{\"@type\":\"WebSite\",\"@id\":\"https:\\\/\\\/shopcanarias.es\\\/#website\",\"url\":\"https:\\\/\\\/shopcanarias.es\\\/\",\"name\":\"ShopCanarias.es\",\"description\":\"Tienda online de productos y servicios de las Islas Canarias\",\"publisher\":{\"@id\":\"https:\\\/\\\/shopcanarias.es\\\/#organization\"},\"potentialAction\":[{\"@type\":\"SearchAction\",\"target\":{\"@type\":\"EntryPoint\",\"urlTemplate\":\"https:\\\/\\\/shopcanarias.es\\\/?s={search_term_string}\"},\"query-input\":{\"@type\":\"PropertyValueSpecification\",\"valueRequired\":true,\"valueName\":\"search_term_string\"}}],\"inLanguage\":\"es\"},{\"@type\":\"Organization\",\"@id\":\"https:\\\/\\\/shopcanarias.es\\\/#organization\",\"name\":\"Marketplace Canarias SL\",\"url\":\"https:\\\/\\\/shopcanarias.es\\\/\",\"logo\":{\"@type\":\"ImageObject\",\"inLanguage\":\"es\",\"@id\":\"https:\\\/\\\/shopcanarias.es\\\/#\\\/schema\\\/logo\\\/image\\\/\",\"url\":\"https:\\\/\\\/i0.wp.com\\\/shopcanarias.es\\\/wp-content\\\/uploads\\\/2020\\\/04\\\/Logotipo_Ajustado_Color_300-ppp-scaled.jpg?fit=2560%2C467&ssl=1\",\"contentUrl\":\"https:\\\/\\\/i0.wp.com\\\/shopcanarias.es\\\/wp-content\\\/uploads\\\/2020\\\/04\\\/Logotipo_Ajustado_Color_300-ppp-scaled.jpg?fit=2560%2C467&ssl=1\",\"width\":2560,\"height\":467,\"caption\":\"Marketplace Canarias SL\"},\"image\":{\"@id\":\"https:\\\/\\\/shopcanarias.es\\\/#\\\/schema\\\/logo\\\/image\\\/\"},\"sameAs\":[\"https:\\\/\\\/www.facebook.com\\\/ShopCanariases-105415177519237\\\/?modal=admin_todo_tour\",\"https:\\\/\\\/x.com\\\/shopcanarias\",\"https:\\\/\\\/www.instagram.com\\\/shopcanarias\\\/?hl=es\",\"https:\\\/\\\/www.pinterest.es\\\/pin\\\/611222980666854387\\\/\",\"https:\\\/\\\/www.youtube.com\\\/channel\\\/UCqPIEQS9SBuvJrMWJV8YxuA\"]}]}<\/script>\n<!-- \/ Yoast SEO plugin. -->","yoast_head_json":{"title":"RECHTLICHER HINWEIS - ShopCanarias.es","description":"Identifizieren von Daten von ShopCanarias als Eigent\u00fcmer der Website, sowie Fragen im Zusammenhang mit geistigem und\/oder gewerblichem Eigentum usw.","robots":{"index":"index","follow":"follow","max-snippet":"max-snippet:-1","max-image-preview":"max-image-preview:large","max-video-preview":"max-video-preview:-1"},"canonical":"https:\/\/shopcanarias.es\/index.php\/de\/rechtlicher-hinweis\/","og_locale":"es_ES","og_type":"article","og_title":"RECHTLICHER HINWEIS - ShopCanarias.es","og_description":"Identifizieren von Daten von ShopCanarias als Eigent\u00fcmer der Website, sowie Fragen im Zusammenhang mit geistigem und\/oder gewerblichem Eigentum usw.","og_url":"https:\/\/shopcanarias.es\/index.php\/de\/rechtlicher-hinweis\/","og_site_name":"ShopCanarias.es","article_publisher":"https:\/\/www.facebook.com\/ShopCanariases-105415177519237\/?modal=admin_todo_tour","article_modified_time":"2020-12-31T13:22:15+00:00","twitter_card":"summary_large_image","twitter_site":"@shopcanarias","twitter_misc":{"Tiempo de lectura":"5 minutos"},"schema":{"@context":"https:\/\/schema.org","@graph":[{"@type":"WebPage","@id":"https:\/\/shopcanarias.es\/index.php\/de\/rechtlicher-hinweis\/","url":"https:\/\/shopcanarias.es\/index.php\/de\/rechtlicher-hinweis\/","name":"RECHTLICHER HINWEIS - ShopCanarias.es","isPartOf":{"@id":"https:\/\/shopcanarias.es\/#website"},"datePublished":"2020-12-31T13:22:13+00:00","dateModified":"2020-12-31T13:22:15+00:00","description":"Identifizieren von Daten von ShopCanarias als Eigent\u00fcmer der Website, sowie Fragen im Zusammenhang mit geistigem und\/oder gewerblichem Eigentum usw.","breadcrumb":{"@id":"https:\/\/shopcanarias.es\/index.php\/de\/rechtlicher-hinweis\/#breadcrumb"},"inLanguage":"es","potentialAction":[{"@type":"ReadAction","target":["https:\/\/shopcanarias.es\/index.php\/de\/rechtlicher-hinweis\/"]}]},{"@type":"BreadcrumbList","@id":"https:\/\/shopcanarias.es\/index.php\/de\/rechtlicher-hinweis\/#breadcrumb","itemListElement":[{"@type":"ListItem","position":1,"name":"Home","item":"https:\/\/shopcanarias.es\/"},{"@type":"ListItem","position":2,"name":"RECHTLICHER HINWEIS"}]},{"@type":"WebSite","@id":"https:\/\/shopcanarias.es\/#website","url":"https:\/\/shopcanarias.es\/","name":"ShopCanarias.es","description":"Tienda online de productos y servicios de las Islas Canarias","publisher":{"@id":"https:\/\/shopcanarias.es\/#organization"},"potentialAction":[{"@type":"SearchAction","target":{"@type":"EntryPoint","urlTemplate":"https:\/\/shopcanarias.es\/?s={search_term_string}"},"query-input":{"@type":"PropertyValueSpecification","valueRequired":true,"valueName":"search_term_string"}}],"inLanguage":"es"},{"@type":"Organization","@id":"https:\/\/shopcanarias.es\/#organization","name":"Marketplace Canarias SL","url":"https:\/\/shopcanarias.es\/","logo":{"@type":"ImageObject","inLanguage":"es","@id":"https:\/\/shopcanarias.es\/#\/schema\/logo\/image\/","url":"https:\/\/i0.wp.com\/shopcanarias.es\/wp-content\/uploads\/2020\/04\/Logotipo_Ajustado_Color_300-ppp-scaled.jpg?fit=2560%2C467&ssl=1","contentUrl":"https:\/\/i0.wp.com\/shopcanarias.es\/wp-content\/uploads\/2020\/04\/Logotipo_Ajustado_Color_300-ppp-scaled.jpg?fit=2560%2C467&ssl=1","width":2560,"height":467,"caption":"Marketplace Canarias SL"},"image":{"@id":"https:\/\/shopcanarias.es\/#\/schema\/logo\/image\/"},"sameAs":["https:\/\/www.facebook.com\/ShopCanariases-105415177519237\/?modal=admin_todo_tour","https:\/\/x.com\/shopcanarias","https:\/\/www.instagram.com\/shopcanarias\/?hl=es","https:\/\/www.pinterest.es\/pin\/611222980666854387\/","https:\/\/www.youtube.com\/channel\/UCqPIEQS9SBuvJrMWJV8YxuA"]}]}},"jetpack_sharing_enabled":true,"_links":{"self":[{"href":"https:\/\/shopcanarias.es\/index.php\/wp-json\/wp\/v2\/pages\/5132","targetHints":{"allow":["GET"]}}],"collection":[{"href":"https:\/\/shopcanarias.es\/index.php\/wp-json\/wp\/v2\/pages"}],"about":[{"href":"https:\/\/shopcanarias.es\/index.php\/wp-json\/wp\/v2\/types\/page"}],"author":[{"embeddable":true,"href":"https:\/\/shopcanarias.es\/index.php\/wp-json\/wp\/v2\/users\/1"}],"replies":[{"embeddable":true,"href":"https:\/\/shopcanarias.es\/index.php\/wp-json\/wp\/v2\/comments?post=5132"}],"version-history":[{"count":0,"href":"https:\/\/shopcanarias.es\/index.php\/wp-json\/wp\/v2\/pages\/5132\/revisions"}],"wp:attachment":[{"href":"https:\/\/shopcanarias.es\/index.php\/wp-json\/wp\/v2\/media?parent=5132"}],"curies":[{"name":"wp","href":"https:\/\/api.w.org\/{rel}","templated":true}]}}