{"id":5120,"date":"2020-12-30T08:45:02","date_gmt":"2020-12-30T07:45:02","guid":{"rendered":"https:\/\/shopcanarias.es\/index.php\/avis-juridique\/"},"modified":"2020-12-30T08:45:03","modified_gmt":"2020-12-30T07:45:03","slug":"avis-juridique","status":"publish","type":"page","link":"https:\/\/shopcanarias.es\/index.php\/fr\/avis-juridique\/","title":{"rendered":"AVIS JURIDIQUE"},"content":{"rendered":"\n<p><strong>1.- Droit \u00e0 l\u2019information<\/strong><\/p>\n\n<p>Nous vous informons que ce site  <a href=\"https:\/\/shopcanarias.es\/?lang=fr\">https:\/\/ShopCanarias.es\/ appartient<\/a> \u00e0  <strong>MARKETPLACE CANARIAS, S.L<\/strong>, (ci-apr\u00e8s,<strong><em>\n  \n<\/em> <strong><em>\u00abShopCanarias\u00bb),<\/em>\n  \n<\/strong>avec n.i.f. num\u00e9ro B-76819259 et si\u00e8ge social \u00e0 C\/ la Duraznillo 3 Ptl.1 3o C 38390, (Santa Ursula), Santa Cruz De Tenerife, inscrit au Registre commercial de<\/strong> <strong>Tenerife <\/strong>au sommet  <em>3671<\/em>, folio  <em>140<\/em>, Section  <em>0<\/em>, Feuille  <em>TF-64256<\/em>, Inscription 1.<\/p>\n\n<p>L\u2019acc\u00e8s et\/ou l\u2019utilisation du site attribue le statut d\u2019utilisateur et accepte, \u00e0 partir de cet acc\u00e8s et\/ou utilisation, cet avis juridique.<\/p>\n\n<p>L\u2019utilisateur (ci-apr\u00e8s<strong>appel\u00e9 \u00ab<\/strong>utilisateur \u00bb) peut contacter ShopCanarias via l\u2019adresse e-mail suivante : <a href=\"mailto:info@shopcanarias.es\">info@ShopCanarias.es.<\/a><\/p>\n\n<p><strong>2.- Utilisation<\/strong> <strong>du site<\/strong><\/p>\n\n<p>L\u2019utilisateur assume la responsabilit\u00e9 de l\u2019utilisation du site Web. Le site Web peut donner acc\u00e8s \u00e0 une multitude de textes, graphiques, dessins, dessins, photographies, contenu multim\u00e9dia et informations (ci-apr\u00e8s,<strong>\u00abContenus\u00bb)<\/strong>appartenant \u00e0 ShopCanarias ou \u00e0 des tiers auxquels l\u2019utilisateur peut avoir acc\u00e8s.<\/p>\n\n<p>L\u2019utilisateur s\u2019engage \u00e0 utiliser de mani\u00e8re appropri\u00e9e le contenu et les services offerts par l\u2019interm\u00e9diaire du site Web et, \u00e0 titre d\u2019exemple, mais sans s\u2019y limiter, \u00e0 ne pas les utiliser pour :<\/p>\n\n<ul class=\"wp-block-list\"><li>Se livrer \u00e0 des activit\u00e9s ill\u00e9gales, ill\u00e9gales ou contraires \u00e0 la bonne foi et \u00e0 l\u2019ordre public.<\/li><\/ul>\n<ul class=\"wp-block-list\"><li>Endommager les syst\u00e8mes physiques et logiques du site ShopCanarias, de ses fournisseurs ou de ses tiers.<\/li><\/ul>\n<ul class=\"wp-block-list\"><li>Introduire ou diffuser des virus informatiques ou tout autre syst\u00e8me physique ou logique susceptible de causer les dommages susmentionn\u00e9s.<\/li><\/ul>\n<ul class=\"wp-block-list\"><li>Essayez d\u2019acc\u00e9der, d\u2019utiliser et\/ou de manipuler les donn\u00e9es de ShopCanarias, de fournisseurs tiers et d\u2019autres utilisateurs.<\/li><\/ul>\n<ul class=\"wp-block-list\"><li>Reproduire ou copier, distribuer, permettre l\u2019acc\u00e8s du public par toute forme de communication publique, transformer ou modifier le contenu, sauf autorisation de ShopCanarias.<\/li><\/ul>\n<ul class=\"wp-block-list\"><li>Supprimer, masquer ou manipuler du contenu soumis \u00e0 des droits de propri\u00e9t\u00e9 intellectuelle ou industrielle et d\u2019autres donn\u00e9es d\u2019identification de ces droits de ShopCanarias ou de tiers incorpor\u00e9s dans le contenu, ainsi que des dispositifs de protection technique ou tout m\u00e9canisme d\u2019information qui peut \u00eatre ins\u00e9r\u00e9 dans le contenu.<\/li><\/ul>\n<p>ShopCanarias pr\u00e9vient que les documents contenus sur ce site Web ont \u00e9t\u00e9 inclus \u00e0 des fins d\u2019information seulement, de sorte qu\u2019ils sont insuffisants pour prendre des d\u00e9cisions ou assumer des positions dans un cas particulier.<\/p>\n\n<p>L\u2019utilisateur doit tenir compte du fait que les documents contenus sur ce site Web peuvent ne pas refl\u00e9ter l\u2019\u00e9tat l\u00e9gislatif ou jurisprudence le plus r\u00e9cent sur les questions discut\u00e9es. De plus, ces mat\u00e9riaux peuvent \u00eatre modifi\u00e9s, d\u00e9velopp\u00e9s ou mis \u00e0 jour sans pr\u00e9avis.<\/p>\n\n<p>ShopCanarias a le droit d\u2019enqu\u00eater et de signaler l\u2019une ou l\u2019autre des conduites susmentionn\u00e9es conform\u00e9ment \u00e0 la Loi, ainsi que de coop\u00e9rer avec les autorit\u00e9s dans l\u2019enqu\u00eate sur de telles actions.<\/p>\n\n<p>ShopCanarias peut suspendre temporairement et sans pr\u00e9avis l\u2019accessibilit\u00e9 au site Web pour les op\u00e9rations d\u2019entretien, de r\u00e9paration, de mise \u00e0 jour ou d\u2019am\u00e9lioration. Toutefois, lorsque les circonstances le permettent, ShopCanarias informera l\u2019utilisateur, en temps r\u00e9el, de la date pr\u00e9vue pour la suspension des Services. ShopCanarias n\u2019est pas responsable de l\u2019utilisation que les utilisateurs peuvent faire du contenu inclus dans le site Web.<\/p>\n\n<p><a><strong>3.- Propri\u00e9t\u00e9 intellectuelle et industrielle<\/strong><\/a><strong><\/strong><\/p>\n\n<p>Tous les droits de propri\u00e9t\u00e9 intellectuelle contenus dans le contenu du site Web et sa conception graphique sont la propri\u00e9t\u00e9 exclusive de ShopCanarias, ou d\u2019un tiers qui a autoris\u00e9 leur utilisation, de sorte que c\u2019est ShopCanarias qui exerce exclusivement ses droits d\u2019exploitation. Par cons\u00e9quent, en vertu des dispositions de la l\u00e9gislation applicable sur les droits de propri\u00e9t\u00e9 intellectuelle et industrielle, ShopCanarias n\u2019accorde aucune licence ou autorisation d\u2019utilisation de quelque nature que ce soit sur ses droits de propri\u00e9t\u00e9 intellectuelle et industrielle ou sur toute autre propri\u00e9t\u00e9 ou droit li\u00e9 au site Web, aux services ou au contenu qui s\u2019y applique.<\/p>\n\n<p>La reproduction et le stockage temporaire du contenu du site web sont autoris\u00e9s tant que cela est strictement n\u00e9cessaire pour l\u2019utilisation et l\u2019affichage du site web \u00e0 partir d\u2019un appareil personnel.<\/p>\n\n<p>La l\u00e9gitimit\u00e9 des droits de propri\u00e9t\u00e9 intellectuelle ou industrielle correspondant au contenu fourni par les utilisateurs est la seule responsabilit\u00e9 de la m\u00eame, de sorte que l\u2019utilisateur gardera ShopCanarias indemne de toute r\u00e9clamation de tiers d\u00e9coulant de l\u2019utilisation illicite de contenu sur le site.<\/p>\n\n<p><a><strong>4.- Responsabilit\u00e9 et garanties<\/strong><\/a><strong><\/strong><\/p>\n\n<p>ShopCanarias d\u00e9clare avoir pris les mesures n\u00e9cessaires pour permettre, dans ses possibilit\u00e9s et l\u2019\u00e9tat de la technologie, le bon fonctionnement de son site Web, ainsi que l\u2019absence de virus et de composants nocifs. Toutefois, ShopCanarias ne peut \u00eatre tenu responsable de :<\/p>\n\n<ul class=\"wp-block-list\"><li>Continuit\u00e9 et disponibilit\u00e9 du contenu et des services.<\/li><\/ul>\n<ul class=\"wp-block-list\"><li>L\u2019absence d\u2019erreurs dans ce contenu ou la correction de tout d\u00e9faut qui peut se produire.<\/li><\/ul>\n<ul class=\"wp-block-list\"><li>L\u2019absence de virus et\/ou d\u2019autres composants nocifs.<\/li><\/ul>\n<ul class=\"wp-block-list\"><li>Dommages caus\u00e9s par toute personne qui viole les syst\u00e8mes de s\u00e9curit\u00e9 ShopCanarias.<\/li><\/ul>\n<p>Les contributions qui peuvent \u00eatre trouv\u00e9es sur ces pages ont \u00e9t\u00e9 faites \u00e0 des fins d\u2019information seulement. ShopCanarias ne garantit pas l\u2019exhaustivit\u00e9, l\u2019exactitude et la rapidit\u00e9 de son contenu.<\/p>\n\n<p>ShopCanarias n\u2019assume aucune responsabilit\u00e9 pour les liens vers d\u2019autres sites Web qui sont sur le site Web et peut diriger l\u2019utilisateur vers d\u2019autres sites sur lesquels ShopCanarias n\u2019a aucun contr\u00f4le, de sorte que l\u2019inclusion de liens vers d\u2019autres sites Web n\u2019implique pas l\u2019approbation de son contenu par ShopCanarias ou l\u2019existence de toute forme d\u2019association entre ShopCanarias et ses propri\u00e9taires. Par cons\u00e9quent, l\u2019Utilisateur acc\u00e8de sous sa seule responsabilit\u00e9 au Contenu et aux conditions d\u2019utilisation qui les r\u00e9gissent.<\/p>\n\n<p><strong> <a>5.- Dur\u00e9e et modification<\/a><\/strong><\/p>\n\n<p>Cet avis juridique sera en vigueur ind\u00e9finiment, shopcanarias peut apporter des modifications aux conditions sp\u00e9cifi\u00e9es dans celui-ci, et qui entrera en vigueur \u00e0 partir du moment de la publication.<\/p>\n\n<p>ShopCanarias peut supprimer, ajouter ou modifier \u00e0 la fois le contenu et les services qu\u2019il fournit, ainsi que la fa\u00e7on dont ils sont situ\u00e9s ou pr\u00e9sent\u00e9s. Les conditions publi\u00e9es au moment o\u00f9 l\u2019Utilisateur acc\u00e8de au site ShopCanarias sont comprises comme \u00e9tant en vigueur.<\/p>\n\n<p>L\u2019acc\u00e8s et\/ou l\u2019utilisation du site Web doivent \u00eatre interpr\u00e9t\u00e9s comme une acceptation par l\u2019utilisateur de cet avis juridique et de ses conditions et, le cas \u00e9ch\u00e9ant, des modifications apport\u00e9es \u00e0 celui-ci.<\/p>\n<div class=\"gsp_post_data\" \r\n\t            data-post_type=\"page\" \r\n\t            data-cat=\"\" \r\n\t            data-modified=\"120\"\r\n\t            data-created=\"1609317902\"\r\n\t            data-title=\"AVIS JURIDIQUE\" \r\n\t            data-home=\"https:\/\/shopcanarias.es\"><\/div>","protected":false},"excerpt":{"rendered":"<p>1.- Droit \u00e0 l\u2019information Nous vous informons que ce site https:\/\/ShopCanarias.es\/ appartient \u00e0 MARKETPLACE CANARIAS, S.L, (ci-apr\u00e8s, \u00abShopCanarias\u00bb), avec n.i.f. num\u00e9ro B-76819259 et si\u00e8ge social \u00e0 C\/ la Duraznillo 3 Ptl.1 3o C 38390, (Santa Ursula), Santa Cruz De Tenerife, inscrit au Registre commercial de Tenerife au sommet 3671, folio 140, Section 0, Feuille TF-64256, &hellip; <\/p>\n<p class=\"link-more\"><a href=\"https:\/\/shopcanarias.es\/index.php\/fr\/avis-juridique\/\" class=\"more-link\">Continuar leyendo<span class=\"screen-reader-text\"> \u00abAVIS JURIDIQUE\u00bb<\/span><\/a><\/p>\n","protected":false},"author":1,"featured_media":0,"parent":0,"menu_order":0,"comment_status":"closed","ping_status":"closed","template":"","meta":{"footnotes":""},"class_list":["post-5120","page","type-page","status-publish","hentry"],"yoast_head":"<!-- This site is optimized with the Yoast SEO plugin v27.5 - https:\/\/yoast.com\/product\/yoast-seo-wordpress\/ -->\n<title>AVIS JURIDIQUE - ShopCanarias.es<\/title>\n<meta name=\"description\" content=\"Identification des donn\u00e9es de ShopCanarias en tant que propri\u00e9taire du site Web, ainsi que des questions li\u00e9es \u00e0 la propri\u00e9t\u00e9 intellectuelle et\/ou industrielle, etc.\" \/>\n<meta name=\"robots\" content=\"index, follow, max-snippet:-1, max-image-preview:large, max-video-preview:-1\" \/>\n<link rel=\"canonical\" href=\"https:\/\/shopcanarias.es\/index.php\/fr\/avis-juridique\/\" \/>\n<meta property=\"og:locale\" content=\"es_ES\" \/>\n<meta property=\"og:type\" content=\"article\" \/>\n<meta property=\"og:title\" content=\"AVIS JURIDIQUE - ShopCanarias.es\" \/>\n<meta property=\"og:description\" content=\"Identification des donn\u00e9es de ShopCanarias en tant que propri\u00e9taire du site Web, ainsi que des questions li\u00e9es \u00e0 la propri\u00e9t\u00e9 intellectuelle et\/ou industrielle, etc.\" \/>\n<meta property=\"og:url\" content=\"https:\/\/shopcanarias.es\/index.php\/fr\/avis-juridique\/\" \/>\n<meta property=\"og:site_name\" content=\"ShopCanarias.es\" \/>\n<meta property=\"article:publisher\" content=\"https:\/\/www.facebook.com\/ShopCanariases-105415177519237\/?modal=admin_todo_tour\" \/>\n<meta property=\"article:modified_time\" content=\"2020-12-30T07:45:03+00:00\" \/>\n<meta name=\"twitter:card\" content=\"summary_large_image\" \/>\n<meta name=\"twitter:site\" content=\"@shopcanarias\" \/>\n<meta name=\"twitter:label1\" content=\"Tiempo de lectura\" \/>\n\t<meta name=\"twitter:data1\" content=\"6 minutos\" \/>\n<script type=\"application\/ld+json\" class=\"yoast-schema-graph\">{\"@context\":\"https:\\\/\\\/schema.org\",\"@graph\":[{\"@type\":\"WebPage\",\"@id\":\"https:\\\/\\\/shopcanarias.es\\\/index.php\\\/fr\\\/avis-juridique\\\/\",\"url\":\"https:\\\/\\\/shopcanarias.es\\\/index.php\\\/fr\\\/avis-juridique\\\/\",\"name\":\"AVIS JURIDIQUE - ShopCanarias.es\",\"isPartOf\":{\"@id\":\"https:\\\/\\\/shopcanarias.es\\\/#website\"},\"datePublished\":\"2020-12-30T07:45:02+00:00\",\"dateModified\":\"2020-12-30T07:45:03+00:00\",\"description\":\"Identification des donn\u00e9es de ShopCanarias en tant que propri\u00e9taire du site Web, ainsi que des questions li\u00e9es \u00e0 la propri\u00e9t\u00e9 intellectuelle et\\\/ou industrielle, etc.\",\"breadcrumb\":{\"@id\":\"https:\\\/\\\/shopcanarias.es\\\/index.php\\\/fr\\\/avis-juridique\\\/#breadcrumb\"},\"inLanguage\":\"es\",\"potentialAction\":[{\"@type\":\"ReadAction\",\"target\":[\"https:\\\/\\\/shopcanarias.es\\\/index.php\\\/fr\\\/avis-juridique\\\/\"]}]},{\"@type\":\"BreadcrumbList\",\"@id\":\"https:\\\/\\\/shopcanarias.es\\\/index.php\\\/fr\\\/avis-juridique\\\/#breadcrumb\",\"itemListElement\":[{\"@type\":\"ListItem\",\"position\":1,\"name\":\"Home\",\"item\":\"https:\\\/\\\/shopcanarias.es\\\/\"},{\"@type\":\"ListItem\",\"position\":2,\"name\":\"AVIS JURIDIQUE\"}]},{\"@type\":\"WebSite\",\"@id\":\"https:\\\/\\\/shopcanarias.es\\\/#website\",\"url\":\"https:\\\/\\\/shopcanarias.es\\\/\",\"name\":\"ShopCanarias.es\",\"description\":\"Tienda online de productos y servicios de las Islas Canarias\",\"publisher\":{\"@id\":\"https:\\\/\\\/shopcanarias.es\\\/#organization\"},\"potentialAction\":[{\"@type\":\"SearchAction\",\"target\":{\"@type\":\"EntryPoint\",\"urlTemplate\":\"https:\\\/\\\/shopcanarias.es\\\/?s={search_term_string}\"},\"query-input\":{\"@type\":\"PropertyValueSpecification\",\"valueRequired\":true,\"valueName\":\"search_term_string\"}}],\"inLanguage\":\"es\"},{\"@type\":\"Organization\",\"@id\":\"https:\\\/\\\/shopcanarias.es\\\/#organization\",\"name\":\"Marketplace Canarias SL\",\"url\":\"https:\\\/\\\/shopcanarias.es\\\/\",\"logo\":{\"@type\":\"ImageObject\",\"inLanguage\":\"es\",\"@id\":\"https:\\\/\\\/shopcanarias.es\\\/#\\\/schema\\\/logo\\\/image\\\/\",\"url\":\"https:\\\/\\\/i0.wp.com\\\/shopcanarias.es\\\/wp-content\\\/uploads\\\/2020\\\/04\\\/Logotipo_Ajustado_Color_300-ppp-scaled.jpg?fit=2560%2C467&ssl=1\",\"contentUrl\":\"https:\\\/\\\/i0.wp.com\\\/shopcanarias.es\\\/wp-content\\\/uploads\\\/2020\\\/04\\\/Logotipo_Ajustado_Color_300-ppp-scaled.jpg?fit=2560%2C467&ssl=1\",\"width\":2560,\"height\":467,\"caption\":\"Marketplace Canarias SL\"},\"image\":{\"@id\":\"https:\\\/\\\/shopcanarias.es\\\/#\\\/schema\\\/logo\\\/image\\\/\"},\"sameAs\":[\"https:\\\/\\\/www.facebook.com\\\/ShopCanariases-105415177519237\\\/?modal=admin_todo_tour\",\"https:\\\/\\\/x.com\\\/shopcanarias\",\"https:\\\/\\\/www.instagram.com\\\/shopcanarias\\\/?hl=es\",\"https:\\\/\\\/www.pinterest.es\\\/pin\\\/611222980666854387\\\/\",\"https:\\\/\\\/www.youtube.com\\\/channel\\\/UCqPIEQS9SBuvJrMWJV8YxuA\"]}]}<\/script>\n<!-- \/ Yoast SEO plugin. -->","yoast_head_json":{"title":"AVIS JURIDIQUE - ShopCanarias.es","description":"Identification des donn\u00e9es de ShopCanarias en tant que propri\u00e9taire du site Web, ainsi que des questions li\u00e9es \u00e0 la propri\u00e9t\u00e9 intellectuelle et\/ou industrielle, etc.","robots":{"index":"index","follow":"follow","max-snippet":"max-snippet:-1","max-image-preview":"max-image-preview:large","max-video-preview":"max-video-preview:-1"},"canonical":"https:\/\/shopcanarias.es\/index.php\/fr\/avis-juridique\/","og_locale":"es_ES","og_type":"article","og_title":"AVIS JURIDIQUE - ShopCanarias.es","og_description":"Identification des donn\u00e9es de ShopCanarias en tant que propri\u00e9taire du site Web, ainsi que des questions li\u00e9es \u00e0 la propri\u00e9t\u00e9 intellectuelle et\/ou industrielle, etc.","og_url":"https:\/\/shopcanarias.es\/index.php\/fr\/avis-juridique\/","og_site_name":"ShopCanarias.es","article_publisher":"https:\/\/www.facebook.com\/ShopCanariases-105415177519237\/?modal=admin_todo_tour","article_modified_time":"2020-12-30T07:45:03+00:00","twitter_card":"summary_large_image","twitter_site":"@shopcanarias","twitter_misc":{"Tiempo de lectura":"6 minutos"},"schema":{"@context":"https:\/\/schema.org","@graph":[{"@type":"WebPage","@id":"https:\/\/shopcanarias.es\/index.php\/fr\/avis-juridique\/","url":"https:\/\/shopcanarias.es\/index.php\/fr\/avis-juridique\/","name":"AVIS JURIDIQUE - ShopCanarias.es","isPartOf":{"@id":"https:\/\/shopcanarias.es\/#website"},"datePublished":"2020-12-30T07:45:02+00:00","dateModified":"2020-12-30T07:45:03+00:00","description":"Identification des donn\u00e9es de ShopCanarias en tant que propri\u00e9taire du site Web, ainsi que des questions li\u00e9es \u00e0 la propri\u00e9t\u00e9 intellectuelle et\/ou industrielle, etc.","breadcrumb":{"@id":"https:\/\/shopcanarias.es\/index.php\/fr\/avis-juridique\/#breadcrumb"},"inLanguage":"es","potentialAction":[{"@type":"ReadAction","target":["https:\/\/shopcanarias.es\/index.php\/fr\/avis-juridique\/"]}]},{"@type":"BreadcrumbList","@id":"https:\/\/shopcanarias.es\/index.php\/fr\/avis-juridique\/#breadcrumb","itemListElement":[{"@type":"ListItem","position":1,"name":"Home","item":"https:\/\/shopcanarias.es\/"},{"@type":"ListItem","position":2,"name":"AVIS JURIDIQUE"}]},{"@type":"WebSite","@id":"https:\/\/shopcanarias.es\/#website","url":"https:\/\/shopcanarias.es\/","name":"ShopCanarias.es","description":"Tienda online de productos y servicios de las Islas Canarias","publisher":{"@id":"https:\/\/shopcanarias.es\/#organization"},"potentialAction":[{"@type":"SearchAction","target":{"@type":"EntryPoint","urlTemplate":"https:\/\/shopcanarias.es\/?s={search_term_string}"},"query-input":{"@type":"PropertyValueSpecification","valueRequired":true,"valueName":"search_term_string"}}],"inLanguage":"es"},{"@type":"Organization","@id":"https:\/\/shopcanarias.es\/#organization","name":"Marketplace Canarias SL","url":"https:\/\/shopcanarias.es\/","logo":{"@type":"ImageObject","inLanguage":"es","@id":"https:\/\/shopcanarias.es\/#\/schema\/logo\/image\/","url":"https:\/\/i0.wp.com\/shopcanarias.es\/wp-content\/uploads\/2020\/04\/Logotipo_Ajustado_Color_300-ppp-scaled.jpg?fit=2560%2C467&ssl=1","contentUrl":"https:\/\/i0.wp.com\/shopcanarias.es\/wp-content\/uploads\/2020\/04\/Logotipo_Ajustado_Color_300-ppp-scaled.jpg?fit=2560%2C467&ssl=1","width":2560,"height":467,"caption":"Marketplace Canarias SL"},"image":{"@id":"https:\/\/shopcanarias.es\/#\/schema\/logo\/image\/"},"sameAs":["https:\/\/www.facebook.com\/ShopCanariases-105415177519237\/?modal=admin_todo_tour","https:\/\/x.com\/shopcanarias","https:\/\/www.instagram.com\/shopcanarias\/?hl=es","https:\/\/www.pinterest.es\/pin\/611222980666854387\/","https:\/\/www.youtube.com\/channel\/UCqPIEQS9SBuvJrMWJV8YxuA"]}]}},"jetpack_sharing_enabled":true,"_links":{"self":[{"href":"https:\/\/shopcanarias.es\/index.php\/wp-json\/wp\/v2\/pages\/5120","targetHints":{"allow":["GET"]}}],"collection":[{"href":"https:\/\/shopcanarias.es\/index.php\/wp-json\/wp\/v2\/pages"}],"about":[{"href":"https:\/\/shopcanarias.es\/index.php\/wp-json\/wp\/v2\/types\/page"}],"author":[{"embeddable":true,"href":"https:\/\/shopcanarias.es\/index.php\/wp-json\/wp\/v2\/users\/1"}],"replies":[{"embeddable":true,"href":"https:\/\/shopcanarias.es\/index.php\/wp-json\/wp\/v2\/comments?post=5120"}],"version-history":[{"count":0,"href":"https:\/\/shopcanarias.es\/index.php\/wp-json\/wp\/v2\/pages\/5120\/revisions"}],"wp:attachment":[{"href":"https:\/\/shopcanarias.es\/index.php\/wp-json\/wp\/v2\/media?parent=5120"}],"curies":[{"name":"wp","href":"https:\/\/api.w.org\/{rel}","templated":true}]}}