{"id":2913,"date":"2020-09-01T18:13:36","date_gmt":"2020-09-01T17:13:36","guid":{"rendered":"https:\/\/shopcanarias.es\/?page_id=2913"},"modified":"2020-09-01T19:07:20","modified_gmt":"2020-09-01T18:07:20","slug":"politica-de-cookies","status":"publish","type":"page","link":"https:\/\/shopcanarias.es\/index.php\/politica-de-cookies\/","title":{"rendered":"POL\u00cdTICA DE COOKIES"},"content":{"rendered":"\n<p>ShopCanarias, (en adelante, el \u201c<strong><em>TITULAR<\/em><\/strong>\u201d) informa, a trav\u00e9s de la presente Pol\u00edtica de Cookies, acerca de la utilizaci\u00f3n de dispositivos de almacenamiento y recuperaci\u00f3n de datos en equipos terminales de los Usuarios.<\/p>\n\n\n\n<p><a><strong>1.- \u00bfQu\u00e9 son las cookies?<\/strong><\/a><strong><\/strong><\/p>\n\n\n\n<p>Las cookies son archivos o ficheros que se descargan en el ordenador\/<em>smartphone<\/em>\/<em>tablet<\/em> del Usuario al acceder a determinadas p\u00e1ginas web y aplicaciones que permiten almacenar preferencias de la navegaci\u00f3n del Usuario, haciendo que la interacci\u00f3n entre el Usuario y el Sitio Web sea m\u00e1s r\u00e1pida y f\u00e1cil.<\/p>\n\n\n\n<p>La informaci\u00f3n recogida por las cookies es an\u00f3nima y no contiene ninguna informaci\u00f3n sensible ya que no recogen datos que puedan identificar personalmente al Usuario. En cualquier caso, el Usuario podr\u00e1 acceder a la configuraci\u00f3n de su navegador para modificar y\/o bloquear la instalaci\u00f3n de las Cookies enviadas desde el Sitio Web, sin que ello impida al acceso a los contenidos.<\/p>\n\n\n\n<p><a><strong>2.- \u00bfPara qu\u00e9 utiliza el TITULAR las cookies?<\/strong><\/a><strong><\/strong><\/p>\n\n\n\n<p>De conformidad con la Ley 34\/2002, de 11 de julio, de servicios de la sociedad de la informaci\u00f3n y de comercio electr\u00f3nico (en adelante, \u201c<strong><em>LSSI<\/em><\/strong>\u201d), el presente Sitio Web utiliza cookies u otros dispositivos de almacenamiento y recuperaci\u00f3n de informaci\u00f3n para realizar un seguimiento de las interacciones de los Usuarios con los servicios ofrecidos en el Sitio Web.<\/p>\n\n\n\n<p>Las&nbsp;cookies&nbsp;permiten reconocer el navegador de un Usuario, as\u00ed como el tipo de dispositivo desde el que se accede al sitio web y se utilizan para facilitar la pr\u00f3xima visita del Usuario y hacer que el sitio web le resulte m\u00e1s \u00fatil.<\/p>\n\n\n\n<p>El TITULAR utiliza las cookies para:<\/p>\n\n\n\n<ul class=\"wp-block-list\"><li>Optimizar la navegaci\u00f3n del Usuario mediante el seguimiento de la sesi\u00f3n.<\/li><\/ul>\n\n\n\n<ul class=\"wp-block-list\"><li>Recopilar informaci\u00f3n para optimizar la navegaci\u00f3n y mejorar el sitio web.<\/li><\/ul>\n\n\n\n<p>El sitio web utiliza los siguientes&nbsp;:<\/p>\n\n\n\n<ul class=\"wp-block-list\"><li><strong>Obligatorias: <\/strong>Cookies estrictamente necesarias para prestar un servicio o contenido solicitado por el usuario. \u00c9stas se encargan de aspectos t\u00e9cnicos como identificar registros y gestionar preferencias de herramientas en el uso, interacci\u00f3n y localizaci\u00f3n del acceso a los contenidos.<\/li><\/ul>\n\n\n\n<figure class=\"wp-block-table\"><table><tbody><tr><td><strong>Nombre<\/strong><\/td><td><strong>Finalidad<\/strong><\/td><td><strong>Caducidad<\/strong><\/td><td><strong>Proveedor<\/strong><\/td><\/tr><tr><td>tk_lr<\/td><td>m\u00e9tricas internas de la actividad del usuario para mejorar la experiencia de usuario<\/td><td>1 a\u00f1o<\/td><td>shopcanarias.es<\/td><\/tr><tr><td>tk_or<\/td><td>m\u00e9tricas internas de la actividad del usuario para mejorar la experiencia de usuario<\/td><td>5 a\u00f1os<\/td><td>shopcanarias.es<\/td><\/tr><tr><td>_swa_u<\/td><td><\/td><td>3 a\u00f1os<\/td><td>shopcanarias.es<\/td><\/tr><tr><td>_fbp<\/td><td>Facebook las usa para ofrecer productos&nbsp; publicitarios, como ofertas en tiempo real de terceros anunciantes<\/td><td>3 meses<\/td><td>Facebook<\/td><\/tr><tr><td>tk_r3d<\/td><td>m\u00e9tricas internas de la actividad del usuario para mejorar la experiencia de usuario<\/td><td>3 d\u00edas<\/td><td>shopcanarias.es<\/td><\/tr><\/tbody><\/table><\/figure>\n\n\n\n<ul class=\"wp-block-list\"><li><a><strong>Funcionales<\/strong><\/a><a href=\"#_msocom_2\"> <\/a>: Las cookies funcionales dan al usuario informaci\u00f3n que enriquece la experiencia de navegaci\u00f3n como, por ejemplo, mostrar el pron\u00f3stico del tiempo basado en su ubicaci\u00f3n.<\/li><\/ul>\n\n\n\n<figure class=\"wp-block-table\"><table><tbody><tr><td><strong>Nombre<\/strong><\/td><td><strong>Finalidad<\/strong><\/td><td><strong>Caducidad<\/strong><\/td><td><strong>Proveedor<\/strong><\/td><\/tr><tr><td><strong>&nbsp;<\/strong>wordpress_sec_<\/td><td>&nbsp;clave para controlar el acceso de un usuario a WordPress<\/td><td>&nbsp;sesi\u00f3n<\/td><td>&nbsp;Wordpress<\/td><\/tr><tr><td>&nbsp;wp-wpml_current_language<\/td><td>&nbsp;devuelve el idioma actual<\/td><td>&nbsp;24 horas<\/td><td>WPML<\/td><\/tr><tr><td>&nbsp;wp-wpml_current_admin_language_<\/td><td>&nbsp;para la configuraci\u00f3n del idioma<\/td><td>&nbsp;24 horas<\/td><td>&nbsp;WPML<\/td><\/tr><tr><td>PHPSESSID<\/td><td>permite a la web guardar datos serializados de estado<\/td><td>&nbsp;sesi\u00f3n<\/td><td>shopcanarias.es<\/td><\/tr><tr><td>wp_woocommerce_session_<\/td><td>para mantener los datos del carrito<\/td><td>48 horas<\/td><td>WooCommerce<\/td><\/tr><tr><td>webmailsession<\/td><td>para la correcta administraci\u00f3n de la p\u00e1gina<\/td><td>&nbsp;sesi\u00f3n<\/td><td>shopcanarias.es<\/td><\/tr><tr><td>wordpress_test_cookie<\/td><td>determina si se pueden guardar cookies, para ser usado por el mensaje de aviso de  cookies<\/td><td>&nbsp;sesi\u00f3n<\/td><td>WordPress<\/td><\/tr><tr><td>_wcml_dashboard_currency<\/td><td>almacena la moneda o divisa seleccionada por el usuario<\/td><td>&nbsp;24 horas<\/td><td>WooCommerce<\/td><\/tr><tr><td>timezone<\/td><td>recoge la informaci\u00f3n de la hora y zona de uso horario del usuario<\/td><td>&nbsp;sesi\u00f3n<\/td><td>shopcanarias.es<\/td><\/tr><tr><td>wordpress_logged_in_<\/td><td>&nbsp;guarda los detalles de autenticaci\u00f3n <\/td><td>&nbsp;sesi\u00f3n<\/td><td>WordPress<\/td><\/tr><tr><td>tinv_wishlistkey<\/td><td>Informaci\u00f3n y contenido de los Favoritos<\/td><td>1 mes<\/td><td>TI Wishlist<\/td><\/tr><tr><td>eucookielaw<\/td><td><\/td><td>1 mes y 13 d\u00edas<\/td><td>shopcanarias.es<\/td><\/tr><tr><td>_lscache_vary<\/td><td>almacena el estado de login del usuario<\/td><td>&nbsp;48 horas<\/td><td>shopcanarias.es<\/td><\/tr><tr><td>tk_ai<\/td><td>ID an\u00f3nimo cuando el usuario que inici\u00f3 sesi\u00f3n no est\u00e1 conectado con WordPress<\/td><td>&nbsp;sesi\u00f3n<\/td><td>shopcanarias.es<\/td><\/tr><tr><td>session_locale<\/td><td>para<br>el funcionamiento de<br>webmail<\/td><td>1 a\u00f1o<\/td><td>shopcanarias.es<\/td><\/tr><tr><td>wp-settings-time-1<\/td><td>WordPress lo usa para personalizar la vista de la interfaz principal<\/td><td>1 a\u00f1o<\/td><td>WordPress<\/td><\/tr><tr><td>mailchimp_landing_site<\/td><td><br>para evaluar la eficiencia de las newsletters<\/td><td>29 d\u00edas<\/td><td>Mailchimp<\/td><\/tr><tr><td>cookie_notice_accepted<\/td><td>si se han aceptado las cookies para dejar de mostrar el aviso durante 1 mes<\/td><td>1 mes<\/td><td>shopcanarias.es<\/td><\/tr><tr><td>roundcube_cookies<\/td><td>para<br>el funcionamiento de<br>webmail<\/td><td>1 a\u00f1o<\/td><td>shopcanarias.es<\/td><\/tr><tr><td>wordpress_sec_<\/td><td>clave para el acceso del usuario a WordPress<\/td><td>&nbsp;sesi\u00f3n<\/td><td>WordPress<\/td><\/tr><tr><td>wp-settings-1<\/td><td>WordPress lo usa para personalizar la Interfaz de Usuario<\/td><td>1 a\u00f1o<\/td><td>WordPress<\/td><\/tr><tr><td>cpsession<\/td><td><\/td><td>&nbsp;sesi\u00f3n<\/td><td>cPanel<\/td><\/tr><\/tbody><\/table><\/figure>\n\n\n\n<ul class=\"wp-block-list\"><li><a><strong>Estad\u00edsticas\/anal\u00edticas<\/strong><\/a>: Estas cookies recogen informaci\u00f3n relativa al uso de la p\u00e1gina como la permanencia en p\u00e1gina y los contenidos visitados por los lectores para medir su rendimiento y mejorar la navegaci\u00f3n.<\/li><\/ul>\n\n\n\n<p>Los objetivos principales que se persiguen con este tipo de cookies son:<\/p>\n\n\n\n<ul class=\"wp-block-list\"><li>Permitir la identificaci\u00f3n an\u00f3nima de los Usuarios navegantes y por lo tanto la contabilizaci\u00f3n aproximada del n\u00famero de visitantes.<\/li><li>Identificar de forma an\u00f3nima los contenidos m\u00e1s visitados.<\/li><li>Saber si el Usuario que est\u00e1 accediendo es nuevo o repite visita.<\/li><\/ul>\n\n\n\n<p>A continuaci\u00f3n, se detallan las cookies anal\u00edticas que se utilizan en el sitio web (ejemplo)<\/p>\n\n\n\n<figure class=\"wp-block-table\"><table><tbody><tr><td><strong>Nombre<\/strong><\/td><td><strong>Finalidad<\/strong><\/td><td><strong>Caducidad<\/strong><\/td><td><strong>Proveedor<\/strong><\/td><\/tr><tr><td><strong>_ga<\/strong><\/td><td>Esta Cookie se usa para distinguir a los usuarios<\/td><td>2 a\u00f1os<\/td><td>Google Analytics<\/td><\/tr><tr><td><strong>_gat<\/strong><\/td><td>Esta Cookie se usa para limitar el porcentaje de solicitudes.<\/td><td>1 minuto<\/td><td>Google Analytics<\/td><\/tr><tr><td><strong>_gid<\/strong><\/td><td>Esta Cookie se usa para distinguir a los usuarios<\/td><td>24 horas<\/td><td>Google Analytics<\/td><\/tr><\/tbody><\/table><\/figure>\n\n\n\n<p><a><strong>3.- \u00bfC\u00f3mo deshabilitar las cookies?<\/strong><\/a><strong><\/strong><\/p>\n\n\n\n<p>Aquellas cookies que no sean obligatorias para la navegaci\u00f3n del presente sitio web podr\u00e1n deshabilitarse en la configuraci\u00f3n del sitio web. Estos ajustes se encuentran en el pie de p\u00e1gina del sitio web. Adem\u00e1s, todos los navegadores permiten hacer cambios para desactivar la configuraci\u00f3n de las cookies.<\/p>\n\n\n\n<p>Este es el motivo por el que la mayor\u00eda de navegadores ofrecen la posibilidad de administrar las cookies, para obtener un control m\u00e1s preciso sobre la privacidad. Estos ajustes se encuentran ubicados en las \u00abopciones\u00bb o \u00abpreferencias\u00bb del men\u00fa de su navegador.<\/p>\n\n\n\n<p>A continuaci\u00f3n, podr\u00e1 encontrar los links de cada navegador para deshabilitar las cookies siguiendo las instrucciones:<\/p>\n\n\n\n<ul class=\"wp-block-list\"><li>(<a href=\"https:\/\/goo.gl\/iU2wh2\">https:\/\/goo.gl\/iU2wh2<\/a> )<\/li><\/ul>\n\n\n\n<ul class=\"wp-block-list\"><li>En el men\u00fa de herramientas, selecciones \u201cOpciones de Internet\u201d.<\/li><li>Haga clic en la pesta\u00f1a de privacidad.<\/li><li>Podr\u00e1 configurar la privacidad con un cursor con seis posiciones que le permite controlar la cantidad de cookies que se instalar\u00e1n: Bloquear todas las cookies, Alta, Media Alto, Media (nivel por defecto), Baja y Aceptar todas las cookies.<\/li><\/ul>\n\n\n\n<ul class=\"wp-block-list\"><li>(<a href=\"http:\/\/goo.gl\/QXWYmv\">http:\/\/goo.gl\/QXWYmv<\/a>)<\/li><\/ul>\n\n\n\n<ul class=\"wp-block-list\"><li>En la parte superior de la venta de Firefox hacer clic en el men\u00fa Herramientas.<\/li><li>Seleccionar Opciones.<\/li><li>Seleccionar el panel Privacidad.<\/li><li>En la opci\u00f3n Firefox podr\u00e1 elegir Usar una configuraci\u00f3n personalizada de su historial, as\u00ed como otras cuestiones relacionadas con su Privacidad.<\/li><\/ul>\n\n\n\n<ul class=\"wp-block-list\"><li>(<a href=\"http:\/\/goo.gl\/fQnkSB\">http:\/\/goo.gl\/fQnkSB<\/a>)<\/li><\/ul>\n\n\n\n<ul class=\"wp-block-list\"><li>Hacer clic en el men\u00fa situado en la barra de herramientas.<\/li><li>Seleccionar Configuraci\u00f3n.<\/li><li>Hacer clic en Mostar opciones avanzadas.<\/li><li>En la selecci\u00f3n \u201cPrivacidad\u201d hacer clic en el bot\u00f3n Configuraci\u00f3n de contenido.<\/li><li>En la selecci\u00f3n de Cookies, se pueden configurar las opciones.<\/li><\/ul>\n\n\n\n<ul class=\"wp-block-list\"><li>(<a href=\"https:\/\/goo.gl\/PCjEm3\">https:\/\/goo.gl\/PcjEm3<\/a>; <a href=\"https:\/\/goo.gl\/dQywEo)\">https:\/\/goo.gl\/dQywEo)<\/a><\/li><\/ul>\n\n\n\n<ul class=\"wp-block-list\"><li>En el men\u00fa de configuraci\u00f3n seleccione la opci\u00f3n de \u201cPreferencias\u201d.<\/li><li>Abra la pesta\u00f1a de privacidad.<\/li><li>Seleccione la opci\u00f3n que quiera de la secci\u00f3n de \u201cbloquear cookies\u201d.<\/li><li>Recuerde que ciertas funciones y la plena funcionalidad del sitio web pueden no estar disponibles despu\u00e9s de deshabilitar las cookies.<\/li><\/ul>\n\n\n\n<p>Si no desea ser rastreado por las cookies, Google ha desarrollado un complemento para instalar en su navegador al que puede acceder en el siguiente enlace: &nbsp;<a href=\"http:\/\/goo.gl\/up4ND\" target=\"_blank\" rel=\"noreferrer noopener\">http:\/\/goo.gl\/up4ND<\/a>.<\/p>\n\n\n\n<p><strong>4.- <\/strong><strong>Cookies en los dispositivos m\u00f3viles<\/strong><\/p>\n\n\n\n<p>El titular del sitio web tambi\u00e9n usa cookies u otros dispositivos de almacenamiento en dispositivos m\u00f3viles.<\/p>\n\n\n\n<p>Aquellas cookies que no sean obligatorias para la navegaci\u00f3n del presente sitio web podr\u00e1n deshabilitarse en la configuraci\u00f3n del sitio web.&nbsp;<\/p>\n\n\n\n<p>Estos ajustes se encuentran en el pie de p\u00e1gina del sitio web. Adem\u00e1s, al igual que sucede en los navegadores de ordenadores, lo navegadores de los dispositivos m\u00f3viles permiten realizar cambios en las opciones o ajustes de privacidad para desactivar o eliminar las cookies.<\/p>\n\n\n\n<p>Si desea modificar las opciones de privacidad siga las instrucciones especificadas por el desarrollador de su navegador para dispositivo m\u00f3vil.<\/p>\n\n\n\n<p>A continuaci\u00f3n, podr\u00e1 encontrar algunos ejemplos de los links que le guiar\u00e1n para modificar las opciones de privacidad en su dispositivo m\u00f3vil:<\/p>\n\n\n\n<ul class=\"wp-block-list\"><li>: (<a href=\"http:\/\/goo.gl\/61xevS\">http:\/\/goo.gl\/61xevS<\/a>)<\/li><li>: (<a href=\"https:\/\/goo.gl\/tKyb0y\">https:\/\/goo.gl\/tKyb0y<\/a>)&nbsp;<\/li><li>: (<a href=\"http:\/\/goo.gl\/XJp7N\">http:\/\/goo.gl\/XJp7N<\/a>)<\/li><li>: (<a href=\"http:\/\/goo.gl\/Nzr8s7)\">http:\/\/goo.gl\/Nzr8s7)<\/a><\/li><\/ul>\n\n\n\n<p><a><strong>5.- Aceptaci\u00f3n de cookies<\/strong><\/a><strong><\/strong><\/p>\n\n\n\n<p>El presente sitio web no instala nuestras cookies en los dispositivos de los usuarios hasta que estos hayan aceptado la instalaci\u00f3n de \u00e9stas.<\/p>\n\n\n\n<p>Le informamos que en el caso de no aceptar la instalaci\u00f3n de cookies o de deshabilitar alguna de estas en la configuraci\u00f3n, es posible que ciertos servicios no est\u00e9n disponibles sin la utilizaci\u00f3n de estas o que no pueda acceder a determinados servicios ni tampoco aprovechar por completo todo lo que este sitio web le ofrece.<\/p>\n<div class=\"gsp_post_data\" \r\n\t            data-post_type=\"page\" \r\n\t            data-cat=\"\" \r\n\t            data-modified=\"120\"\r\n\t            data-created=\"1598984016\"\r\n\t            data-title=\"POL\u00cdTICA DE COOKIES\" \r\n\t            data-home=\"https:\/\/shopcanarias.es\"><\/div>","protected":false},"excerpt":{"rendered":"<p>ShopCanarias, (en adelante, el \u201cTITULAR\u201d) informa, a trav\u00e9s de la presente Pol\u00edtica de Cookies, acerca de la utilizaci\u00f3n de dispositivos de almacenamiento y recuperaci\u00f3n de datos en equipos terminales de los Usuarios. 1.- \u00bfQu\u00e9 son las cookies? Las cookies son archivos o ficheros que se descargan en el ordenador\/smartphone\/tablet del Usuario al acceder a determinadas &hellip; <\/p>\n<p class=\"link-more\"><a href=\"https:\/\/shopcanarias.es\/index.php\/politica-de-cookies\/\" class=\"more-link\">Continuar leyendo<span class=\"screen-reader-text\"> \u00abPOL\u00cdTICA DE COOKIES\u00bb<\/span><\/a><\/p>\n","protected":false},"author":1,"featured_media":0,"parent":0,"menu_order":0,"comment_status":"closed","ping_status":"closed","template":"","meta":{"footnotes":""},"class_list":["post-2913","page","type-page","status-publish","hentry"],"yoast_head":"<!-- This site is optimized with the Yoast SEO plugin v27.5 - https:\/\/yoast.com\/product\/yoast-seo-wordpress\/ -->\n<title>POL\u00cdTICA DE COOKIES - ShopCanarias.es<\/title>\n<meta name=\"description\" content=\"Definici\u00f3n y funci\u00f3n de las cookies, detalle en un esquema de las cookies que se utilizan, informaci\u00f3n sobre c\u00f3mo eliminar las cookies, etc.\" \/>\n<meta name=\"robots\" content=\"index, follow, max-snippet:-1, max-image-preview:large, max-video-preview:-1\" \/>\n<link rel=\"canonical\" href=\"https:\/\/shopcanarias.es\/index.php\/politica-de-cookies\/\" \/>\n<meta property=\"og:locale\" content=\"es_ES\" \/>\n<meta property=\"og:type\" content=\"article\" \/>\n<meta property=\"og:title\" content=\"POL\u00cdTICA DE COOKIES - ShopCanarias.es\" \/>\n<meta property=\"og:description\" content=\"Definici\u00f3n y funci\u00f3n de las cookies, detalle en un esquema de las cookies que se utilizan, informaci\u00f3n sobre c\u00f3mo eliminar las cookies, etc.\" \/>\n<meta property=\"og:url\" content=\"https:\/\/shopcanarias.es\/index.php\/politica-de-cookies\/\" \/>\n<meta property=\"og:site_name\" content=\"ShopCanarias.es\" \/>\n<meta property=\"article:publisher\" content=\"https:\/\/www.facebook.com\/ShopCanariases-105415177519237\/?modal=admin_todo_tour\" \/>\n<meta property=\"article:modified_time\" content=\"2020-09-01T18:07:20+00:00\" \/>\n<meta name=\"twitter:card\" content=\"summary_large_image\" \/>\n<meta name=\"twitter:site\" content=\"@shopcanarias\" \/>\n<meta name=\"twitter:label1\" content=\"Tiempo de lectura\" \/>\n\t<meta name=\"twitter:data1\" content=\"7 minutos\" \/>\n<script type=\"application\/ld+json\" class=\"yoast-schema-graph\">{\"@context\":\"https:\\\/\\\/schema.org\",\"@graph\":[{\"@type\":\"WebPage\",\"@id\":\"https:\\\/\\\/shopcanarias.es\\\/index.php\\\/politica-de-cookies\\\/\",\"url\":\"https:\\\/\\\/shopcanarias.es\\\/index.php\\\/politica-de-cookies\\\/\",\"name\":\"POL\u00cdTICA DE COOKIES - ShopCanarias.es\",\"isPartOf\":{\"@id\":\"https:\\\/\\\/shopcanarias.es\\\/#website\"},\"datePublished\":\"2020-09-01T17:13:36+00:00\",\"dateModified\":\"2020-09-01T18:07:20+00:00\",\"description\":\"Definici\u00f3n y funci\u00f3n de las cookies, detalle en un esquema de las cookies que se utilizan, informaci\u00f3n sobre c\u00f3mo eliminar las cookies, etc.\",\"breadcrumb\":{\"@id\":\"https:\\\/\\\/shopcanarias.es\\\/index.php\\\/politica-de-cookies\\\/#breadcrumb\"},\"inLanguage\":\"es\",\"potentialAction\":[{\"@type\":\"ReadAction\",\"target\":[\"https:\\\/\\\/shopcanarias.es\\\/index.php\\\/politica-de-cookies\\\/\"]}]},{\"@type\":\"BreadcrumbList\",\"@id\":\"https:\\\/\\\/shopcanarias.es\\\/index.php\\\/politica-de-cookies\\\/#breadcrumb\",\"itemListElement\":[{\"@type\":\"ListItem\",\"position\":1,\"name\":\"Home\",\"item\":\"https:\\\/\\\/shopcanarias.es\\\/\"},{\"@type\":\"ListItem\",\"position\":2,\"name\":\"POL\u00cdTICA DE COOKIES\"}]},{\"@type\":\"WebSite\",\"@id\":\"https:\\\/\\\/shopcanarias.es\\\/#website\",\"url\":\"https:\\\/\\\/shopcanarias.es\\\/\",\"name\":\"ShopCanarias.es\",\"description\":\"Tienda online de productos y servicios de las Islas Canarias\",\"publisher\":{\"@id\":\"https:\\\/\\\/shopcanarias.es\\\/#organization\"},\"potentialAction\":[{\"@type\":\"SearchAction\",\"target\":{\"@type\":\"EntryPoint\",\"urlTemplate\":\"https:\\\/\\\/shopcanarias.es\\\/?s={search_term_string}\"},\"query-input\":{\"@type\":\"PropertyValueSpecification\",\"valueRequired\":true,\"valueName\":\"search_term_string\"}}],\"inLanguage\":\"es\"},{\"@type\":\"Organization\",\"@id\":\"https:\\\/\\\/shopcanarias.es\\\/#organization\",\"name\":\"Marketplace Canarias SL\",\"url\":\"https:\\\/\\\/shopcanarias.es\\\/\",\"logo\":{\"@type\":\"ImageObject\",\"inLanguage\":\"es\",\"@id\":\"https:\\\/\\\/shopcanarias.es\\\/#\\\/schema\\\/logo\\\/image\\\/\",\"url\":\"https:\\\/\\\/i0.wp.com\\\/shopcanarias.es\\\/wp-content\\\/uploads\\\/2020\\\/04\\\/Logotipo_Ajustado_Color_300-ppp-scaled.jpg?fit=2560%2C467&ssl=1\",\"contentUrl\":\"https:\\\/\\\/i0.wp.com\\\/shopcanarias.es\\\/wp-content\\\/uploads\\\/2020\\\/04\\\/Logotipo_Ajustado_Color_300-ppp-scaled.jpg?fit=2560%2C467&ssl=1\",\"width\":2560,\"height\":467,\"caption\":\"Marketplace Canarias SL\"},\"image\":{\"@id\":\"https:\\\/\\\/shopcanarias.es\\\/#\\\/schema\\\/logo\\\/image\\\/\"},\"sameAs\":[\"https:\\\/\\\/www.facebook.com\\\/ShopCanariases-105415177519237\\\/?modal=admin_todo_tour\",\"https:\\\/\\\/x.com\\\/shopcanarias\",\"https:\\\/\\\/www.instagram.com\\\/shopcanarias\\\/?hl=es\",\"https:\\\/\\\/www.pinterest.es\\\/pin\\\/611222980666854387\\\/\",\"https:\\\/\\\/www.youtube.com\\\/channel\\\/UCqPIEQS9SBuvJrMWJV8YxuA\"]}]}<\/script>\n<!-- \/ Yoast SEO plugin. -->","yoast_head_json":{"title":"POL\u00cdTICA DE COOKIES - ShopCanarias.es","description":"Definici\u00f3n y funci\u00f3n de las cookies, detalle en un esquema de las cookies que se utilizan, informaci\u00f3n sobre c\u00f3mo eliminar las cookies, etc.","robots":{"index":"index","follow":"follow","max-snippet":"max-snippet:-1","max-image-preview":"max-image-preview:large","max-video-preview":"max-video-preview:-1"},"canonical":"https:\/\/shopcanarias.es\/index.php\/politica-de-cookies\/","og_locale":"es_ES","og_type":"article","og_title":"POL\u00cdTICA DE COOKIES - ShopCanarias.es","og_description":"Definici\u00f3n y funci\u00f3n de las cookies, detalle en un esquema de las cookies que se utilizan, informaci\u00f3n sobre c\u00f3mo eliminar las cookies, etc.","og_url":"https:\/\/shopcanarias.es\/index.php\/politica-de-cookies\/","og_site_name":"ShopCanarias.es","article_publisher":"https:\/\/www.facebook.com\/ShopCanariases-105415177519237\/?modal=admin_todo_tour","article_modified_time":"2020-09-01T18:07:20+00:00","twitter_card":"summary_large_image","twitter_site":"@shopcanarias","twitter_misc":{"Tiempo de lectura":"7 minutos"},"schema":{"@context":"https:\/\/schema.org","@graph":[{"@type":"WebPage","@id":"https:\/\/shopcanarias.es\/index.php\/politica-de-cookies\/","url":"https:\/\/shopcanarias.es\/index.php\/politica-de-cookies\/","name":"POL\u00cdTICA DE COOKIES - ShopCanarias.es","isPartOf":{"@id":"https:\/\/shopcanarias.es\/#website"},"datePublished":"2020-09-01T17:13:36+00:00","dateModified":"2020-09-01T18:07:20+00:00","description":"Definici\u00f3n y funci\u00f3n de las cookies, detalle en un esquema de las cookies que se utilizan, informaci\u00f3n sobre c\u00f3mo eliminar las cookies, etc.","breadcrumb":{"@id":"https:\/\/shopcanarias.es\/index.php\/politica-de-cookies\/#breadcrumb"},"inLanguage":"es","potentialAction":[{"@type":"ReadAction","target":["https:\/\/shopcanarias.es\/index.php\/politica-de-cookies\/"]}]},{"@type":"BreadcrumbList","@id":"https:\/\/shopcanarias.es\/index.php\/politica-de-cookies\/#breadcrumb","itemListElement":[{"@type":"ListItem","position":1,"name":"Home","item":"https:\/\/shopcanarias.es\/"},{"@type":"ListItem","position":2,"name":"POL\u00cdTICA DE COOKIES"}]},{"@type":"WebSite","@id":"https:\/\/shopcanarias.es\/#website","url":"https:\/\/shopcanarias.es\/","name":"ShopCanarias.es","description":"Tienda online de productos y servicios de las Islas Canarias","publisher":{"@id":"https:\/\/shopcanarias.es\/#organization"},"potentialAction":[{"@type":"SearchAction","target":{"@type":"EntryPoint","urlTemplate":"https:\/\/shopcanarias.es\/?s={search_term_string}"},"query-input":{"@type":"PropertyValueSpecification","valueRequired":true,"valueName":"search_term_string"}}],"inLanguage":"es"},{"@type":"Organization","@id":"https:\/\/shopcanarias.es\/#organization","name":"Marketplace Canarias SL","url":"https:\/\/shopcanarias.es\/","logo":{"@type":"ImageObject","inLanguage":"es","@id":"https:\/\/shopcanarias.es\/#\/schema\/logo\/image\/","url":"https:\/\/i0.wp.com\/shopcanarias.es\/wp-content\/uploads\/2020\/04\/Logotipo_Ajustado_Color_300-ppp-scaled.jpg?fit=2560%2C467&ssl=1","contentUrl":"https:\/\/i0.wp.com\/shopcanarias.es\/wp-content\/uploads\/2020\/04\/Logotipo_Ajustado_Color_300-ppp-scaled.jpg?fit=2560%2C467&ssl=1","width":2560,"height":467,"caption":"Marketplace Canarias SL"},"image":{"@id":"https:\/\/shopcanarias.es\/#\/schema\/logo\/image\/"},"sameAs":["https:\/\/www.facebook.com\/ShopCanariases-105415177519237\/?modal=admin_todo_tour","https:\/\/x.com\/shopcanarias","https:\/\/www.instagram.com\/shopcanarias\/?hl=es","https:\/\/www.pinterest.es\/pin\/611222980666854387\/","https:\/\/www.youtube.com\/channel\/UCqPIEQS9SBuvJrMWJV8YxuA"]}]}},"jetpack_sharing_enabled":true,"_links":{"self":[{"href":"https:\/\/shopcanarias.es\/index.php\/wp-json\/wp\/v2\/pages\/2913","targetHints":{"allow":["GET"]}}],"collection":[{"href":"https:\/\/shopcanarias.es\/index.php\/wp-json\/wp\/v2\/pages"}],"about":[{"href":"https:\/\/shopcanarias.es\/index.php\/wp-json\/wp\/v2\/types\/page"}],"author":[{"embeddable":true,"href":"https:\/\/shopcanarias.es\/index.php\/wp-json\/wp\/v2\/users\/1"}],"replies":[{"embeddable":true,"href":"https:\/\/shopcanarias.es\/index.php\/wp-json\/wp\/v2\/comments?post=2913"}],"version-history":[{"count":0,"href":"https:\/\/shopcanarias.es\/index.php\/wp-json\/wp\/v2\/pages\/2913\/revisions"}],"wp:attachment":[{"href":"https:\/\/shopcanarias.es\/index.php\/wp-json\/wp\/v2\/media?parent=2913"}],"curies":[{"name":"wp","href":"https:\/\/api.w.org\/{rel}","templated":true}]}}