{"id":1697,"date":"2020-06-05T00:16:38","date_gmt":"2020-06-04T23:16:38","guid":{"rendered":"https:\/\/shopcanarias.es\/index.php\/conditions-generales\/"},"modified":"2020-06-05T00:16:40","modified_gmt":"2020-06-04T23:16:40","slug":"conditions-generales","status":"publish","type":"page","link":"https:\/\/shopcanarias.es\/index.php\/fr\/conditions-generales\/","title":{"rendered":"Conditions g\u00e9n\u00e9rales"},"content":{"rendered":"\n<h2 class=\"wp-block-heading\">Conditions g\u00e9n\u00e9rales<\/h2>\n\n<p>En utilisant le site web ShopCanarias.es, vous acceptez les conditions g\u00e9n\u00e9rales suivantes :<\/p>\n\n<p>L\u2019utilisateur d\u00e9clare qu\u2019il est d\u2019\u00e2ge l\u00e9gal (plus de 18 ans), et a la capacit\u00e9 l\u00e9gale n\u00e9cessaire de contracter les produits et services offerts sur le site Web de ShopCanarias.es.<\/p>\n\n<p>L\u2019utilisateur accepte que la l\u00e9gislation applicable au fonctionnement de ce service soit espagnole. ShopCanarias.es se r\u00e9serve le droit d\u2019apporter tout changement qu\u2019elle juge appropri\u00e9 aux modalit\u00e9s \u00e9nonc\u00e9es.<\/p>\n\n<p>Les liens vers d\u2019autres sites Web qui apparaissent sur les pages ShopCanarias.es ne sont fournis qu\u2019\u00e0 des fins d\u2019information \u00e0 l\u2019utilisateur, de sorte que ShopCanarias.es n\u2019est pas responsable des produits, services ou contenus qui sont offerts ou fournis sur les pages de destination situ\u00e9es dans un autre domaine.<\/p>\n\n<h2 class=\"wp-block-heading\">Conditions d\u2019exp\u00e9dition<\/h2>\n\n<p>Les envois seront effectu\u00e9s par la soci\u00e9t\u00e9 Postal and Telegraph, \u00e0 moins que le client ne demande \u00e0 une autre soci\u00e9t\u00e9. Notre intention est de garantir la qualit\u00e9 du service, et de porter les frais d\u2019exp\u00e9dition \u00e0 un moment. Nous continuons \u00e0 rechercher un fournisseur de services complet capable de s\u2019adapter aux besoins des clients (clic et collecte, casiers de collecte, horaires adapt\u00e9s aux clients, livraison en cours d\u2019emploi, livraison le week-end, etc.).<\/p>\n\n<p>Nous envoyons au Client par e-mail un localisateur d\u2019exp\u00e9dition, afin qu\u2019il soit inform\u00e9 de l\u2019\u00e9tat de sa commande. Le lieu de livraison par d\u00e9faut sera l\u2019adresse, ou \u00e0 la Poste, \u00e0 moins que le client demande une autre soci\u00e9t\u00e9. Et les cr\u00e9neaux de livraison correspondront au fournisseur de services que vous avez choisi.<\/p>\n\n<p>Pour les fournisseurs qui n\u2019ont pas le stock en ligne mis \u00e0 jour, et apr\u00e8s la commande, nous contacterons le fournisseur le jour ouvrable suivant, pour informer le client du nouveau d\u00e9lai de livraison, ou pour offrir une alternative.<\/p>\n\n<p>Les prix \u00e0 la fin de l\u2019achat comprennent l\u2019assurance \u00e0 risque int\u00e9gral, les taxes, les frais d\u2019exp\u00e9dition et les frais de douane.<\/p>\n\n<p><\/p>\n\n<h2 class=\"wp-block-heading\">Conditions de retour<\/h2>\n\n<p>Tous les produits achet\u00e9s sur ShopCanarias.es peuvent \u00eatre retourn\u00e9s en envoyant un courriel avec la demande de retour et la raison de; info@shopcanarias.es, dans les 14 jours suivant la r\u00e9ception de la commande.<\/p>\n\n<p>Si la raison du retour est que l\u2019emballage est cass\u00e9, alors l\u2019exp\u00e9dition peut \u00eatre refus\u00e9e, demandant \u00e0 la compagnie maritime d\u2019enregistrer le rejet parce qu\u2019il est cass\u00e9.<\/p>\n\n<p>Si le produit est en mauvais \u00e9tat, ou s\u2019il y a une erreur de livraison, les clients ont 14 jours ouvrables pour le retour du produit, en comptant \u00e0 partir de la r\u00e9ception de la commande par le client. Dans ce cas, ShopCanarias.es supportera les co\u00fbts de retour, et le client peut d\u00e9cider s\u2019il doit renvoyer la commande, auquel cas les frais d\u2019exp\u00e9dition seront support\u00e9s par ShopCanarias.es, ou si au contraire pr\u00e9f\u00e8re le retour de l\u2019argent de la m\u00eame mani\u00e8re qu\u2019il a pay\u00e9. <\/p>\n\n<p>ShopCanarias.es se r\u00e9serve le droit d\u2019annuler une commande et de rembourser le montant pay\u00e9 par le Client; faute de stock, l\u2019incapacit\u00e9 d\u2019exp\u00e9dier, les produits abandonn\u00e9s, ou pour quelque raison que ce soit, la compagnie consid\u00e8re (comme la gr\u00e8ve des d\u00e9bardeurs).<\/p>\n\n<p>Dans le cas o\u00f9 le Client souhaite retourner la commande pour des raisons autres que ce qui pr\u00e9c\u00e8de, et dans les 14 jours suivant la r\u00e9ception du produit, les frais de retour seront support\u00e9s par le Client. Les retours doivent \u00eatre effectu\u00e9s dans l\u2019emballage d\u2019origine, et en parfait \u00e9tat.<\/p>\n\n<p>Les lois de l\u2019Union europ\u00e9enne facilitent l\u2019exercice par le Client du droit de retrait, de tester le produit et, en cas d\u2019insatisfaction, de le retourner dans les 14 jours suivant la date de livraison, \u00e0 l\u2019exception des produits personnalis\u00e9s et d\u2019hygi\u00e8ne. Les lois sur la garantie de l\u2019Union europ\u00e9enne facilitent \u00e9galement l\u2019exercice par le Client du droit de r\u00e9paration ou de remplacement d\u2019un produit d\u00e9fectueux (pour les biens de consommation destin\u00e9s \u00e0 la consommation priv\u00e9e). <\/p>\n\n<p>Si vous n\u2019appartenez pas \u00e0 un pays de l\u2019Union europ\u00e9enne, veuillez envoyer un courriel d\u00e8s que possible avec la demande de retour et la raison de; info@shopcanarias.es. Nous allons essayer de vous donner les m\u00eames solutions, comme si vous viviez dans l\u2019Union europ\u00e9enne, mais nous ne pouvons pas le garantir (peut-\u00eatre en raison de la r\u00e9glementation gouvernementale).<\/p>\n<div class=\"gsp_post_data\" \r\n\t            data-post_type=\"page\" \r\n\t            data-cat=\"\" \r\n\t            data-modified=\"120\"\r\n\t            data-created=\"1591316198\"\r\n\t            data-title=\"Conditions g\u00e9n\u00e9rales\" \r\n\t            data-home=\"https:\/\/shopcanarias.es\"><\/div>","protected":false},"excerpt":{"rendered":"<p>Conditions g\u00e9n\u00e9rales En utilisant le site web ShopCanarias.es, vous acceptez les conditions g\u00e9n\u00e9rales suivantes : L\u2019utilisateur d\u00e9clare qu\u2019il est d\u2019\u00e2ge l\u00e9gal (plus de 18 ans), et a la capacit\u00e9 l\u00e9gale n\u00e9cessaire de contracter les produits et services offerts sur le site Web de ShopCanarias.es. L\u2019utilisateur accepte que la l\u00e9gislation applicable au fonctionnement de ce service &hellip; <\/p>\n<p class=\"link-more\"><a href=\"https:\/\/shopcanarias.es\/index.php\/fr\/conditions-generales\/\" class=\"more-link\">Continuar leyendo<span class=\"screen-reader-text\"> \u00abConditions g\u00e9n\u00e9rales\u00bb<\/span><\/a><\/p>\n","protected":false},"author":1,"featured_media":0,"parent":0,"menu_order":0,"comment_status":"closed","ping_status":"closed","template":"","meta":{"footnotes":""},"class_list":["post-1697","page","type-page","status-publish","hentry"],"yoast_head":"<!-- This site is optimized with the Yoast SEO plugin v27.5 - https:\/\/yoast.com\/product\/yoast-seo-wordpress\/ -->\n<title>Conditions g\u00e9n\u00e9rales - ShopCanarias.es<\/title>\n<meta name=\"robots\" content=\"index, follow, max-snippet:-1, max-image-preview:large, max-video-preview:-1\" \/>\n<link rel=\"canonical\" href=\"https:\/\/shopcanarias.es\/index.php\/fr\/conditions-generales\/\" \/>\n<meta property=\"og:locale\" content=\"es_ES\" \/>\n<meta property=\"og:type\" content=\"article\" \/>\n<meta property=\"og:title\" content=\"Conditions g\u00e9n\u00e9rales - ShopCanarias.es\" \/>\n<meta property=\"og:description\" content=\"Conditions g\u00e9n\u00e9rales En utilisant le site web ShopCanarias.es, vous acceptez les conditions g\u00e9n\u00e9rales suivantes : L\u2019utilisateur d\u00e9clare qu\u2019il est d\u2019\u00e2ge l\u00e9gal (plus de 18 ans), et a la capacit\u00e9 l\u00e9gale n\u00e9cessaire de contracter les produits et services offerts sur le site Web de ShopCanarias.es. L\u2019utilisateur accepte que la l\u00e9gislation applicable au fonctionnement de ce service &hellip; Continuar leyendo &quot;Conditions g\u00e9n\u00e9rales&quot;\" \/>\n<meta property=\"og:url\" content=\"https:\/\/shopcanarias.es\/index.php\/fr\/conditions-generales\/\" \/>\n<meta property=\"og:site_name\" content=\"ShopCanarias.es\" \/>\n<meta property=\"article:publisher\" content=\"https:\/\/www.facebook.com\/ShopCanariases-105415177519237\/?modal=admin_todo_tour\" \/>\n<meta property=\"article:modified_time\" content=\"2020-06-04T23:16:40+00:00\" \/>\n<meta name=\"twitter:card\" content=\"summary_large_image\" \/>\n<meta name=\"twitter:site\" content=\"@shopcanarias\" \/>\n<meta name=\"twitter:label1\" content=\"Tiempo de lectura\" \/>\n\t<meta name=\"twitter:data1\" content=\"4 minutos\" \/>\n<script type=\"application\/ld+json\" class=\"yoast-schema-graph\">{\"@context\":\"https:\\\/\\\/schema.org\",\"@graph\":[{\"@type\":\"WebPage\",\"@id\":\"https:\\\/\\\/shopcanarias.es\\\/index.php\\\/fr\\\/conditions-generales\\\/\",\"url\":\"https:\\\/\\\/shopcanarias.es\\\/index.php\\\/fr\\\/conditions-generales\\\/\",\"name\":\"Conditions g\u00e9n\u00e9rales - ShopCanarias.es\",\"isPartOf\":{\"@id\":\"https:\\\/\\\/shopcanarias.es\\\/#website\"},\"datePublished\":\"2020-06-04T23:16:38+00:00\",\"dateModified\":\"2020-06-04T23:16:40+00:00\",\"breadcrumb\":{\"@id\":\"https:\\\/\\\/shopcanarias.es\\\/index.php\\\/fr\\\/conditions-generales\\\/#breadcrumb\"},\"inLanguage\":\"es\",\"potentialAction\":[{\"@type\":\"ReadAction\",\"target\":[\"https:\\\/\\\/shopcanarias.es\\\/index.php\\\/fr\\\/conditions-generales\\\/\"]}]},{\"@type\":\"BreadcrumbList\",\"@id\":\"https:\\\/\\\/shopcanarias.es\\\/index.php\\\/fr\\\/conditions-generales\\\/#breadcrumb\",\"itemListElement\":[{\"@type\":\"ListItem\",\"position\":1,\"name\":\"Home\",\"item\":\"https:\\\/\\\/shopcanarias.es\\\/\"},{\"@type\":\"ListItem\",\"position\":2,\"name\":\"Conditions g\u00e9n\u00e9rales\"}]},{\"@type\":\"WebSite\",\"@id\":\"https:\\\/\\\/shopcanarias.es\\\/#website\",\"url\":\"https:\\\/\\\/shopcanarias.es\\\/\",\"name\":\"ShopCanarias.es\",\"description\":\"Tienda online de productos y servicios de las Islas Canarias\",\"publisher\":{\"@id\":\"https:\\\/\\\/shopcanarias.es\\\/#organization\"},\"potentialAction\":[{\"@type\":\"SearchAction\",\"target\":{\"@type\":\"EntryPoint\",\"urlTemplate\":\"https:\\\/\\\/shopcanarias.es\\\/?s={search_term_string}\"},\"query-input\":{\"@type\":\"PropertyValueSpecification\",\"valueRequired\":true,\"valueName\":\"search_term_string\"}}],\"inLanguage\":\"es\"},{\"@type\":\"Organization\",\"@id\":\"https:\\\/\\\/shopcanarias.es\\\/#organization\",\"name\":\"Marketplace Canarias SL\",\"url\":\"https:\\\/\\\/shopcanarias.es\\\/\",\"logo\":{\"@type\":\"ImageObject\",\"inLanguage\":\"es\",\"@id\":\"https:\\\/\\\/shopcanarias.es\\\/#\\\/schema\\\/logo\\\/image\\\/\",\"url\":\"https:\\\/\\\/i0.wp.com\\\/shopcanarias.es\\\/wp-content\\\/uploads\\\/2020\\\/04\\\/Logotipo_Ajustado_Color_300-ppp-scaled.jpg?fit=2560%2C467&ssl=1\",\"contentUrl\":\"https:\\\/\\\/i0.wp.com\\\/shopcanarias.es\\\/wp-content\\\/uploads\\\/2020\\\/04\\\/Logotipo_Ajustado_Color_300-ppp-scaled.jpg?fit=2560%2C467&ssl=1\",\"width\":2560,\"height\":467,\"caption\":\"Marketplace Canarias SL\"},\"image\":{\"@id\":\"https:\\\/\\\/shopcanarias.es\\\/#\\\/schema\\\/logo\\\/image\\\/\"},\"sameAs\":[\"https:\\\/\\\/www.facebook.com\\\/ShopCanariases-105415177519237\\\/?modal=admin_todo_tour\",\"https:\\\/\\\/x.com\\\/shopcanarias\",\"https:\\\/\\\/www.instagram.com\\\/shopcanarias\\\/?hl=es\",\"https:\\\/\\\/www.pinterest.es\\\/pin\\\/611222980666854387\\\/\",\"https:\\\/\\\/www.youtube.com\\\/channel\\\/UCqPIEQS9SBuvJrMWJV8YxuA\"]}]}<\/script>\n<!-- \/ Yoast SEO plugin. -->","yoast_head_json":{"title":"Conditions g\u00e9n\u00e9rales - ShopCanarias.es","robots":{"index":"index","follow":"follow","max-snippet":"max-snippet:-1","max-image-preview":"max-image-preview:large","max-video-preview":"max-video-preview:-1"},"canonical":"https:\/\/shopcanarias.es\/index.php\/fr\/conditions-generales\/","og_locale":"es_ES","og_type":"article","og_title":"Conditions g\u00e9n\u00e9rales - ShopCanarias.es","og_description":"Conditions g\u00e9n\u00e9rales En utilisant le site web ShopCanarias.es, vous acceptez les conditions g\u00e9n\u00e9rales suivantes : L\u2019utilisateur d\u00e9clare qu\u2019il est d\u2019\u00e2ge l\u00e9gal (plus de 18 ans), et a la capacit\u00e9 l\u00e9gale n\u00e9cessaire de contracter les produits et services offerts sur le site Web de ShopCanarias.es. L\u2019utilisateur accepte que la l\u00e9gislation applicable au fonctionnement de ce service &hellip; Continuar leyendo \"Conditions g\u00e9n\u00e9rales\"","og_url":"https:\/\/shopcanarias.es\/index.php\/fr\/conditions-generales\/","og_site_name":"ShopCanarias.es","article_publisher":"https:\/\/www.facebook.com\/ShopCanariases-105415177519237\/?modal=admin_todo_tour","article_modified_time":"2020-06-04T23:16:40+00:00","twitter_card":"summary_large_image","twitter_site":"@shopcanarias","twitter_misc":{"Tiempo de lectura":"4 minutos"},"schema":{"@context":"https:\/\/schema.org","@graph":[{"@type":"WebPage","@id":"https:\/\/shopcanarias.es\/index.php\/fr\/conditions-generales\/","url":"https:\/\/shopcanarias.es\/index.php\/fr\/conditions-generales\/","name":"Conditions g\u00e9n\u00e9rales - ShopCanarias.es","isPartOf":{"@id":"https:\/\/shopcanarias.es\/#website"},"datePublished":"2020-06-04T23:16:38+00:00","dateModified":"2020-06-04T23:16:40+00:00","breadcrumb":{"@id":"https:\/\/shopcanarias.es\/index.php\/fr\/conditions-generales\/#breadcrumb"},"inLanguage":"es","potentialAction":[{"@type":"ReadAction","target":["https:\/\/shopcanarias.es\/index.php\/fr\/conditions-generales\/"]}]},{"@type":"BreadcrumbList","@id":"https:\/\/shopcanarias.es\/index.php\/fr\/conditions-generales\/#breadcrumb","itemListElement":[{"@type":"ListItem","position":1,"name":"Home","item":"https:\/\/shopcanarias.es\/"},{"@type":"ListItem","position":2,"name":"Conditions g\u00e9n\u00e9rales"}]},{"@type":"WebSite","@id":"https:\/\/shopcanarias.es\/#website","url":"https:\/\/shopcanarias.es\/","name":"ShopCanarias.es","description":"Tienda online de productos y servicios de las Islas Canarias","publisher":{"@id":"https:\/\/shopcanarias.es\/#organization"},"potentialAction":[{"@type":"SearchAction","target":{"@type":"EntryPoint","urlTemplate":"https:\/\/shopcanarias.es\/?s={search_term_string}"},"query-input":{"@type":"PropertyValueSpecification","valueRequired":true,"valueName":"search_term_string"}}],"inLanguage":"es"},{"@type":"Organization","@id":"https:\/\/shopcanarias.es\/#organization","name":"Marketplace Canarias SL","url":"https:\/\/shopcanarias.es\/","logo":{"@type":"ImageObject","inLanguage":"es","@id":"https:\/\/shopcanarias.es\/#\/schema\/logo\/image\/","url":"https:\/\/i0.wp.com\/shopcanarias.es\/wp-content\/uploads\/2020\/04\/Logotipo_Ajustado_Color_300-ppp-scaled.jpg?fit=2560%2C467&ssl=1","contentUrl":"https:\/\/i0.wp.com\/shopcanarias.es\/wp-content\/uploads\/2020\/04\/Logotipo_Ajustado_Color_300-ppp-scaled.jpg?fit=2560%2C467&ssl=1","width":2560,"height":467,"caption":"Marketplace Canarias SL"},"image":{"@id":"https:\/\/shopcanarias.es\/#\/schema\/logo\/image\/"},"sameAs":["https:\/\/www.facebook.com\/ShopCanariases-105415177519237\/?modal=admin_todo_tour","https:\/\/x.com\/shopcanarias","https:\/\/www.instagram.com\/shopcanarias\/?hl=es","https:\/\/www.pinterest.es\/pin\/611222980666854387\/","https:\/\/www.youtube.com\/channel\/UCqPIEQS9SBuvJrMWJV8YxuA"]}]}},"jetpack_sharing_enabled":true,"_links":{"self":[{"href":"https:\/\/shopcanarias.es\/index.php\/wp-json\/wp\/v2\/pages\/1697","targetHints":{"allow":["GET"]}}],"collection":[{"href":"https:\/\/shopcanarias.es\/index.php\/wp-json\/wp\/v2\/pages"}],"about":[{"href":"https:\/\/shopcanarias.es\/index.php\/wp-json\/wp\/v2\/types\/page"}],"author":[{"embeddable":true,"href":"https:\/\/shopcanarias.es\/index.php\/wp-json\/wp\/v2\/users\/1"}],"replies":[{"embeddable":true,"href":"https:\/\/shopcanarias.es\/index.php\/wp-json\/wp\/v2\/comments?post=1697"}],"version-history":[{"count":0,"href":"https:\/\/shopcanarias.es\/index.php\/wp-json\/wp\/v2\/pages\/1697\/revisions"}],"wp:attachment":[{"href":"https:\/\/shopcanarias.es\/index.php\/wp-json\/wp\/v2\/media?parent=1697"}],"curies":[{"name":"wp","href":"https:\/\/api.w.org\/{rel}","templated":true}]}}